{"id":23058,"date":"2026-04-28T09:55:54","date_gmt":"2026-04-28T07:55:54","guid":{"rendered":"https:\/\/www.radicicarpet.it\/progetti\/frames-fuorisalone-26\/"},"modified":"2026-04-28T10:03:06","modified_gmt":"2026-04-28T08:03:06","slug":"frames-fuorisalone-26","status":"publish","type":"progetti","link":"https:\/\/www.radicicarpet.it\/fr\/projets\/frames-fuorisalone-26\/","title":{"rendered":"Frames &#8211; Fuorisalone &#8217;26"},"content":{"rendered":"\n<figure class=\"wp-block-gallery has-nested-images columns-default is-cropped wp-block-gallery-1 is-layout-flex wp-block-gallery-is-layout-flex\"><\/figure>\n\n\n\n<p><\/p>\n","protected":false},"excerpt":{"rendered":"<p>Un r\u00e9cit de projet qui unit mati\u00e8re, couleur, volumes et perception visuelle. Radici pr\u00e9sente la nouvelle collection textile Pigments con\u00e7ue par Marco Piva au sein d\u2019une installation r\u00e9alis\u00e9e en collaboration avec Zambaiti Parati \u00e0 l\u2019occasion de la Milano Design Week 2026.<\/p>\n","protected":false},"featured_media":23003,"template":"","categoria-progetti":[3451],"paese":[3477],"class_list":["post-23058","progetti","type-progetti","status-publish","has-post-thumbnail","hentry","categoria-progetti-events-fr-2","paese-italie"],"acf":[],"yoast_head":"<!-- This site is optimized with the Yoast SEO plugin v27.5 - https:\/\/yoast.com\/product\/yoast-seo-wordpress\/ -->\n<title>Frames - Fuorisalone &#039;26 | Radici<\/title>\n<meta name=\"robots\" content=\"index, follow, max-snippet:-1, max-image-preview:large, max-video-preview:-1\" \/>\n<link rel=\"canonical\" href=\"https:\/\/www.radicicarpet.it\/fr\/projets\/frames-fuorisalone-26\/\" \/>\n<meta property=\"og:locale\" content=\"fr_FR\" \/>\n<meta property=\"og:type\" content=\"article\" \/>\n<meta property=\"og:title\" content=\"Frames - Fuorisalone &#039;26 | Radici\" \/>\n<meta property=\"og:description\" content=\"Un r\u00e9cit de projet qui unit mati\u00e8re, couleur, volumes et perception visuelle. Radici pr\u00e9sente la nouvelle collection textile Pigments con\u00e7ue par Marco Piva au sein d\u2019une installation r\u00e9alis\u00e9e en collaboration avec Zambaiti Parati \u00e0 l\u2019occasion de la Milano Design Week 2026.\" \/>\n<meta property=\"og:url\" content=\"https:\/\/www.radicicarpet.it\/fr\/projets\/frames-fuorisalone-26\/\" \/>\n<meta property=\"og:site_name\" content=\"Radici\" \/>\n<meta property=\"article:modified_time\" content=\"2026-04-28T08:03:06+00:00\" \/>\n<meta property=\"og:image\" content=\"https:\/\/www.radicicarpet.it\/app\/uploads\/2026\/04\/Frames-8.webp\" \/>\n\t<meta property=\"og:image:width\" content=\"3000\" \/>\n\t<meta property=\"og:image:height\" content=\"2000\" \/>\n\t<meta property=\"og:image:type\" content=\"image\/webp\" \/>\n<meta name=\"twitter:card\" content=\"summary_large_image\" \/>\n<meta name=\"twitter:label1\" content=\"Est. reading time\" \/>\n\t<meta name=\"twitter:data1\" content=\"1 minute\" \/>\n<script type=\"application\/ld+json\" class=\"yoast-schema-graph\">{\"@context\":\"https:\\\/\\\/schema.org\",\"@graph\":[{\"@type\":\"WebPage\",\"@id\":\"https:\\\/\\\/www.radicicarpet.it\\\/fr\\\/projets\\\/frames-fuorisalone-26\\\/\",\"url\":\"https:\\\/\\\/www.radicicarpet.it\\\/fr\\\/projets\\\/frames-fuorisalone-26\\\/\",\"name\":\"Frames - Fuorisalone '26 | Radici\",\"isPartOf\":{\"@id\":\"https:\\\/\\\/www.radicicarpet.it\\\/fr\\\/#website\"},\"primaryImageOfPage\":{\"@id\":\"https:\\\/\\\/www.radicicarpet.it\\\/fr\\\/projets\\\/frames-fuorisalone-26\\\/#primaryimage\"},\"image\":{\"@id\":\"https:\\\/\\\/www.radicicarpet.it\\\/fr\\\/projets\\\/frames-fuorisalone-26\\\/#primaryimage\"},\"thumbnailUrl\":\"https:\\\/\\\/www.radicicarpet.it\\\/app\\\/uploads\\\/2026\\\/04\\\/Frames-8.webp\",\"datePublished\":\"2026-04-28T07:55:54+00:00\",\"dateModified\":\"2026-04-28T08:03:06+00:00\",\"breadcrumb\":{\"@id\":\"https:\\\/\\\/www.radicicarpet.it\\\/fr\\\/projets\\\/frames-fuorisalone-26\\\/#breadcrumb\"},\"inLanguage\":\"fr-FR\",\"potentialAction\":[{\"@type\":\"ReadAction\",\"target\":[\"https:\\\/\\\/www.radicicarpet.it\\\/fr\\\/projets\\\/frames-fuorisalone-26\\\/\"]}]},{\"@type\":\"ImageObject\",\"inLanguage\":\"fr-FR\",\"@id\":\"https:\\\/\\\/www.radicicarpet.it\\\/fr\\\/projets\\\/frames-fuorisalone-26\\\/#primaryimage\",\"url\":\"https:\\\/\\\/www.radicicarpet.it\\\/app\\\/uploads\\\/2026\\\/04\\\/Frames-8.webp\",\"contentUrl\":\"https:\\\/\\\/www.radicicarpet.it\\\/app\\\/uploads\\\/2026\\\/04\\\/Frames-8.webp\",\"width\":3000,\"height\":2000,\"caption\":\"Frames Fuorisalone 2026 Milano Design Week Marco Piva\"},{\"@type\":\"BreadcrumbList\",\"@id\":\"https:\\\/\\\/www.radicicarpet.it\\\/fr\\\/projets\\\/frames-fuorisalone-26\\\/#breadcrumb\",\"itemListElement\":[{\"@type\":\"ListItem\",\"position\":1,\"name\":\"Home\",\"item\":\"https:\\\/\\\/www.radicicarpet.it\\\/fr\\\/\"},{\"@type\":\"ListItem\",\"position\":2,\"name\":\"Projets\",\"item\":\"https:\\\/\\\/www.radicicarpet.it\\\/fr\\\/projets\\\/\"},{\"@type\":\"ListItem\",\"position\":3,\"name\":\"Frames &#8211; Fuorisalone &#8217;26\"}]},{\"@type\":\"WebSite\",\"@id\":\"https:\\\/\\\/www.radicicarpet.it\\\/fr\\\/#website\",\"url\":\"https:\\\/\\\/www.radicicarpet.it\\\/fr\\\/\",\"name\":\"Radici Moquette\",\"description\":\"\",\"potentialAction\":[{\"@type\":\"SearchAction\",\"target\":{\"@type\":\"EntryPoint\",\"urlTemplate\":\"https:\\\/\\\/www.radicicarpet.it\\\/fr\\\/?s={search_term_string}\"},\"query-input\":{\"@type\":\"PropertyValueSpecification\",\"valueRequired\":true,\"valueName\":\"search_term_string\"}}],\"inLanguage\":\"fr-FR\"}]}<\/script>\n<!-- \/ Yoast SEO plugin. -->","yoast_head_json":{"title":"Frames - Fuorisalone '26 | Radici","robots":{"index":"index","follow":"follow","max-snippet":"max-snippet:-1","max-image-preview":"max-image-preview:large","max-video-preview":"max-video-preview:-1"},"canonical":"https:\/\/www.radicicarpet.it\/fr\/projets\/frames-fuorisalone-26\/","og_locale":"fr_FR","og_type":"article","og_title":"Frames - Fuorisalone '26 | Radici","og_description":"Un r\u00e9cit de projet qui unit mati\u00e8re, couleur, volumes et perception visuelle. Radici pr\u00e9sente la nouvelle collection textile Pigments con\u00e7ue par Marco Piva au sein d\u2019une installation r\u00e9alis\u00e9e en collaboration avec Zambaiti Parati \u00e0 l\u2019occasion de la Milano Design Week 2026.","og_url":"https:\/\/www.radicicarpet.it\/fr\/projets\/frames-fuorisalone-26\/","og_site_name":"Radici","article_modified_time":"2026-04-28T08:03:06+00:00","og_image":[{"width":3000,"height":2000,"url":"https:\/\/www.radicicarpet.it\/app\/uploads\/2026\/04\/Frames-8.webp","type":"image\/webp"}],"twitter_card":"summary_large_image","twitter_misc":{"Est. reading time":"1 minute"},"schema":{"@context":"https:\/\/schema.org","@graph":[{"@type":"WebPage","@id":"https:\/\/www.radicicarpet.it\/fr\/projets\/frames-fuorisalone-26\/","url":"https:\/\/www.radicicarpet.it\/fr\/projets\/frames-fuorisalone-26\/","name":"Frames - Fuorisalone '26 | Radici","isPartOf":{"@id":"https:\/\/www.radicicarpet.it\/fr\/#website"},"primaryImageOfPage":{"@id":"https:\/\/www.radicicarpet.it\/fr\/projets\/frames-fuorisalone-26\/#primaryimage"},"image":{"@id":"https:\/\/www.radicicarpet.it\/fr\/projets\/frames-fuorisalone-26\/#primaryimage"},"thumbnailUrl":"https:\/\/www.radicicarpet.it\/app\/uploads\/2026\/04\/Frames-8.webp","datePublished":"2026-04-28T07:55:54+00:00","dateModified":"2026-04-28T08:03:06+00:00","breadcrumb":{"@id":"https:\/\/www.radicicarpet.it\/fr\/projets\/frames-fuorisalone-26\/#breadcrumb"},"inLanguage":"fr-FR","potentialAction":[{"@type":"ReadAction","target":["https:\/\/www.radicicarpet.it\/fr\/projets\/frames-fuorisalone-26\/"]}]},{"@type":"ImageObject","inLanguage":"fr-FR","@id":"https:\/\/www.radicicarpet.it\/fr\/projets\/frames-fuorisalone-26\/#primaryimage","url":"https:\/\/www.radicicarpet.it\/app\/uploads\/2026\/04\/Frames-8.webp","contentUrl":"https:\/\/www.radicicarpet.it\/app\/uploads\/2026\/04\/Frames-8.webp","width":3000,"height":2000,"caption":"Frames Fuorisalone 2026 Milano Design Week Marco Piva"},{"@type":"BreadcrumbList","@id":"https:\/\/www.radicicarpet.it\/fr\/projets\/frames-fuorisalone-26\/#breadcrumb","itemListElement":[{"@type":"ListItem","position":1,"name":"Home","item":"https:\/\/www.radicicarpet.it\/fr\/"},{"@type":"ListItem","position":2,"name":"Projets","item":"https:\/\/www.radicicarpet.it\/fr\/projets\/"},{"@type":"ListItem","position":3,"name":"Frames &#8211; Fuorisalone &#8217;26"}]},{"@type":"WebSite","@id":"https:\/\/www.radicicarpet.it\/fr\/#website","url":"https:\/\/www.radicicarpet.it\/fr\/","name":"Radici Moquette","description":"","potentialAction":[{"@type":"SearchAction","target":{"@type":"EntryPoint","urlTemplate":"https:\/\/www.radicicarpet.it\/fr\/?s={search_term_string}"},"query-input":{"@type":"PropertyValueSpecification","valueRequired":true,"valueName":"search_term_string"}}],"inLanguage":"fr-FR"}]}},"_links":{"self":[{"href":"https:\/\/www.radicicarpet.it\/fr\/wp-json\/wp\/v2\/progetti\/23058","targetHints":{"allow":["GET"]}}],"collection":[{"href":"https:\/\/www.radicicarpet.it\/fr\/wp-json\/wp\/v2\/progetti"}],"about":[{"href":"https:\/\/www.radicicarpet.it\/fr\/wp-json\/wp\/v2\/types\/progetti"}],"wp:featuredmedia":[{"embeddable":true,"href":"https:\/\/www.radicicarpet.it\/fr\/wp-json\/wp\/v2\/media\/23003"}],"wp:attachment":[{"href":"https:\/\/www.radicicarpet.it\/fr\/wp-json\/wp\/v2\/media?parent=23058"}],"wp:term":[{"taxonomy":"categoria-progetti","embeddable":true,"href":"https:\/\/www.radicicarpet.it\/fr\/wp-json\/wp\/v2\/categoria-progetti?post=23058"},{"taxonomy":"paese","embeddable":true,"href":"https:\/\/www.radicicarpet.it\/fr\/wp-json\/wp\/v2\/paese?post=23058"}],"curies":[{"name":"wp","href":"https:\/\/api.w.org\/{rel}","templated":true}]}}

<p>Un récit de projet qui unit matière, couleur, volumes et perception visuelle. Radici présente la nouvelle collection textile Pigments conçue par Marco Piva au sein d’une installation réalisée en collaboration avec Zambaiti Parati à l’occasion de la Milano Design Week 2026.</p>

<!-- This site is optimized with the Yoast SEO plugin v27.5 - https://yoast.com/product/yoast-seo-wordpress/ -->
<title>Frames - Fuorisalone &#039;26 | Radici</title>
<meta name="robots" content="index, follow, max-snippet:-1, max-image-preview:large, max-video-preview:-1" />
<link rel="canonical" href="https://www.radicicarpet.it/fr/projets/frames-fuorisalone-26/" />
<meta property="og:locale" content="fr_FR" />
<meta property="og:type" content="article" />
<meta property="og:title" content="Frames - Fuorisalone &#039;26 | Radici" />
<meta property="og:description" content="Un récit de projet qui unit matière, couleur, volumes et perception visuelle. Radici présente la nouvelle collection textile Pigments conçue par Marco Piva au sein d’une installation réalisée en collaboration avec Zambaiti Parati à l’occasion de la Milano Design Week 2026." />
<meta property="og:url" content="https://www.radicicarpet.it/fr/projets/frames-fuorisalone-26/" />
<meta property="og:site_name" content="Radici" />
<meta property="article:modified_time" content="2026-04-28T08:03:06+00:00" />
<meta property="og:image" content="https://www.radicicarpet.it/app/uploads/2026/04/Frames-8.webp" />
	<meta property="og:image:width" content="3000" />
	<meta property="og:image:height" content="2000" />
	<meta property="og:image:type" content="image/webp" />
<meta name="twitter:card" content="summary_large_image" />
<meta name="twitter:label1" content="Est. reading time" />
	<meta name="twitter:data1" content="1 minute" />
<script type="application/ld+json" class="yoast-schema-graph">{"@context":"https:\/\/schema.org","@graph":[{"@type":"WebPage","@id":"https:\/\/www.radicicarpet.it\/fr\/projets\/frames-fuorisalone-26\/","url":"https:\/\/www.radicicarpet.it\/fr\/projets\/frames-fuorisalone-26\/","name":"Frames - Fuorisalone '26 | Radici","isPartOf":{"@id":"https:\/\/www.radicicarpet.it\/fr\/#website"},"primaryImageOfPage":{"@id":"https:\/\/www.radicicarpet.it\/fr\/projets\/frames-fuorisalone-26\/#primaryimage"},"image":{"@id":"https:\/\/www.radicicarpet.it\/fr\/projets\/frames-fuorisalone-26\/#primaryimage"},"thumbnailUrl":"https:\/\/www.radicicarpet.it\/app\/uploads\/2026\/04\/Frames-8.webp","datePublished":"2026-04-28T07:55:54+00:00","dateModified":"2026-04-28T08:03:06+00:00","breadcrumb":{"@id":"https:\/\/www.radicicarpet.it\/fr\/projets\/frames-fuorisalone-26\/#breadcrumb"},"inLanguage":"fr-FR","potentialAction":[{"@type":"ReadAction","target":["https:\/\/www.radicicarpet.it\/fr\/projets\/frames-fuorisalone-26\/"]}]},{"@type":"ImageObject","inLanguage":"fr-FR","@id":"https:\/\/www.radicicarpet.it\/fr\/projets\/frames-fuorisalone-26\/#primaryimage","url":"https:\/\/www.radicicarpet.it\/app\/uploads\/2026\/04\/Frames-8.webp","contentUrl":"https:\/\/www.radicicarpet.it\/app\/uploads\/2026\/04\/Frames-8.webp","width":3000,"height":2000,"caption":"Frames Fuorisalone 2026 Milano Design Week Marco Piva"},{"@type":"BreadcrumbList","@id":"https:\/\/www.radicicarpet.it\/fr\/projets\/frames-fuorisalone-26\/#breadcrumb","itemListElement":[{"@type":"ListItem","position":1,"name":"Home","item":"https:\/\/www.radicicarpet.it\/fr\/"},{"@type":"ListItem","position":2,"name":"Projets","item":"https:\/\/www.radicicarpet.it\/fr\/projets\/"},{"@type":"ListItem","position":3,"name":"Frames &#8211; Fuorisalone &#8217;26"}]},{"@type":"WebSite","@id":"https:\/\/www.radicicarpet.it\/fr\/#website","url":"https:\/\/www.radicicarpet.it\/fr\/","name":"Radici Moquette","description":"","potentialAction":[{"@type":"SearchAction","target":{"@type":"EntryPoint","urlTemplate":"https:\/\/www.radicicarpet.it\/fr\/?s={search_term_string}"},"query-input":{"@type":"PropertyValueSpecification","valueRequired":true,"valueName":"search_term_string"}}],"inLanguage":"fr-FR"}]}</script>
<!-- / Yoast SEO plugin. -->

Un récit de projet qui unit matière, couleur, volumes et perception visuelle. Radici présente la nouvelle collection textile Pigments conçue par Marco Piva au sein d’une installation réalisée en collaboration avec Zambaiti Parati à l’occasion de la Milano Design Week 2026.
