{"id":15505,"date":"2024-04-22T09:33:05","date_gmt":"2024-04-22T07:33:05","guid":{"rendered":"https:\/\/www.radicicarpet.it\/progetti\/salone-del-mobile-2024\/"},"modified":"2024-04-24T13:01:53","modified_gmt":"2024-04-24T11:01:53","slug":"salone-del-mobile-2024","status":"publish","type":"progetti","link":"https:\/\/www.radicicarpet.it\/fr\/projets\/salone-del-mobile-2024\/","title":{"rendered":"Salone del Mobile 2024"},"content":{"rendered":"","protected":false},"excerpt":{"rendered":"<p>Le stand est divis\u00e9 en deux zones : une plus sc\u00e9nique, avec des r\u00e9f\u00e9rences au courant surr\u00e9aliste et \u00e0 la peinture m\u00e9taphysique, et une plus institutionnelle, toutes deux con\u00e7ues en mettant l&#8217;accent sur les couleurs et les contrastes tactiles. <\/p>\n","protected":false},"featured_media":15445,"template":"","categoria-progetti":[3451],"paese":[3477],"class_list":["post-15505","progetti","type-progetti","status-publish","has-post-thumbnail","hentry","categoria-progetti-events-fr-2","paese-italie"],"acf":[],"yoast_head":"<!-- This site is optimized with the Yoast SEO plugin v27.5 - https:\/\/yoast.com\/product\/yoast-seo-wordpress\/ -->\n<title>Salone del Mobile 2024 | Radici<\/title>\n<meta name=\"description\" content=\"Le stand est divis\u00e9 en deux zones : une plus sc\u00e9nique, avec des r\u00e9f\u00e9rences au courant surr\u00e9aliste et \u00e0 la peinture m\u00e9taphysique, et une plus institutionnelle, toutes deux con\u00e7ues en mettant l&#039;accent sur les couleurs et les contrastes tactiles.\" \/>\n<meta name=\"robots\" content=\"index, follow, max-snippet:-1, max-image-preview:large, max-video-preview:-1\" \/>\n<link rel=\"canonical\" href=\"https:\/\/www.radicicarpet.it\/fr\/projets\/salone-del-mobile-2024\/\" \/>\n<meta property=\"og:locale\" content=\"fr_FR\" \/>\n<meta property=\"og:type\" content=\"article\" \/>\n<meta property=\"og:title\" content=\"Salone del Mobile 2024 | Radici\" \/>\n<meta property=\"og:description\" content=\"Le stand est divis\u00e9 en deux zones : une plus sc\u00e9nique, avec des r\u00e9f\u00e9rences au courant surr\u00e9aliste et \u00e0 la peinture m\u00e9taphysique, et une plus institutionnelle, toutes deux con\u00e7ues en mettant l&#039;accent sur les couleurs et les contrastes tactiles.\" \/>\n<meta property=\"og:url\" content=\"https:\/\/www.radicicarpet.it\/fr\/projets\/salone-del-mobile-2024\/\" \/>\n<meta property=\"og:site_name\" content=\"Radici\" \/>\n<meta property=\"article:modified_time\" content=\"2024-04-24T11:01:53+00:00\" \/>\n<meta property=\"og:image\" content=\"https:\/\/www.radicicarpet.it\/app\/uploads\/2024\/04\/DSC3659.webp\" \/>\n\t<meta property=\"og:image:width\" content=\"1\" \/>\n\t<meta property=\"og:image:height\" content=\"1\" \/>\n\t<meta property=\"og:image:type\" content=\"image\/webp\" \/>\n<meta name=\"twitter:card\" content=\"summary_large_image\" \/>\n<script type=\"application\/ld+json\" class=\"yoast-schema-graph\">{\"@context\":\"https:\\\/\\\/schema.org\",\"@graph\":[{\"@type\":\"WebPage\",\"@id\":\"https:\\\/\\\/www.radicicarpet.it\\\/fr\\\/projets\\\/salone-del-mobile-2024\\\/\",\"url\":\"https:\\\/\\\/www.radicicarpet.it\\\/fr\\\/projets\\\/salone-del-mobile-2024\\\/\",\"name\":\"Salone del Mobile 2024 | Radici\",\"isPartOf\":{\"@id\":\"https:\\\/\\\/www.radicicarpet.it\\\/fr\\\/#website\"},\"primaryImageOfPage\":{\"@id\":\"https:\\\/\\\/www.radicicarpet.it\\\/fr\\\/projets\\\/salone-del-mobile-2024\\\/#primaryimage\"},\"image\":{\"@id\":\"https:\\\/\\\/www.radicicarpet.it\\\/fr\\\/projets\\\/salone-del-mobile-2024\\\/#primaryimage\"},\"thumbnailUrl\":\"https:\\\/\\\/www.radicicarpet.it\\\/app\\\/uploads\\\/2024\\\/04\\\/DSC3659.webp\",\"datePublished\":\"2024-04-22T07:33:05+00:00\",\"dateModified\":\"2024-04-24T11:01:53+00:00\",\"description\":\"Le stand est divis\u00e9 en deux zones : une plus sc\u00e9nique, avec des r\u00e9f\u00e9rences au courant surr\u00e9aliste et \u00e0 la peinture m\u00e9taphysique, et une plus institutionnelle, toutes deux con\u00e7ues en mettant l'accent sur les couleurs et les contrastes tactiles.\",\"breadcrumb\":{\"@id\":\"https:\\\/\\\/www.radicicarpet.it\\\/fr\\\/projets\\\/salone-del-mobile-2024\\\/#breadcrumb\"},\"inLanguage\":\"fr-FR\",\"potentialAction\":[{\"@type\":\"ReadAction\",\"target\":[\"https:\\\/\\\/www.radicicarpet.it\\\/fr\\\/projets\\\/salone-del-mobile-2024\\\/\"]}]},{\"@type\":\"ImageObject\",\"inLanguage\":\"fr-FR\",\"@id\":\"https:\\\/\\\/www.radicicarpet.it\\\/fr\\\/projets\\\/salone-del-mobile-2024\\\/#primaryimage\",\"url\":\"https:\\\/\\\/www.radicicarpet.it\\\/app\\\/uploads\\\/2024\\\/04\\\/DSC3659.webp\",\"contentUrl\":\"https:\\\/\\\/www.radicicarpet.it\\\/app\\\/uploads\\\/2024\\\/04\\\/DSC3659.webp\",\"caption\":\"Salone2024\"},{\"@type\":\"BreadcrumbList\",\"@id\":\"https:\\\/\\\/www.radicicarpet.it\\\/fr\\\/projets\\\/salone-del-mobile-2024\\\/#breadcrumb\",\"itemListElement\":[{\"@type\":\"ListItem\",\"position\":1,\"name\":\"Home\",\"item\":\"https:\\\/\\\/www.radicicarpet.it\\\/fr\\\/\"},{\"@type\":\"ListItem\",\"position\":2,\"name\":\"Projets\",\"item\":\"https:\\\/\\\/www.radicicarpet.it\\\/fr\\\/projets\\\/\"},{\"@type\":\"ListItem\",\"position\":3,\"name\":\"Salone del Mobile 2024\"}]},{\"@type\":\"WebSite\",\"@id\":\"https:\\\/\\\/www.radicicarpet.it\\\/fr\\\/#website\",\"url\":\"https:\\\/\\\/www.radicicarpet.it\\\/fr\\\/\",\"name\":\"Radici Moquette\",\"description\":\"\",\"potentialAction\":[{\"@type\":\"SearchAction\",\"target\":{\"@type\":\"EntryPoint\",\"urlTemplate\":\"https:\\\/\\\/www.radicicarpet.it\\\/fr\\\/?s={search_term_string}\"},\"query-input\":{\"@type\":\"PropertyValueSpecification\",\"valueRequired\":true,\"valueName\":\"search_term_string\"}}],\"inLanguage\":\"fr-FR\"}]}<\/script>\n<!-- \/ Yoast SEO plugin. -->","yoast_head_json":{"title":"Salone del Mobile 2024 | Radici","description":"Le stand est divis\u00e9 en deux zones : une plus sc\u00e9nique, avec des r\u00e9f\u00e9rences au courant surr\u00e9aliste et \u00e0 la peinture m\u00e9taphysique, et une plus institutionnelle, toutes deux con\u00e7ues en mettant l'accent sur les couleurs et les contrastes tactiles.","robots":{"index":"index","follow":"follow","max-snippet":"max-snippet:-1","max-image-preview":"max-image-preview:large","max-video-preview":"max-video-preview:-1"},"canonical":"https:\/\/www.radicicarpet.it\/fr\/projets\/salone-del-mobile-2024\/","og_locale":"fr_FR","og_type":"article","og_title":"Salone del Mobile 2024 | Radici","og_description":"Le stand est divis\u00e9 en deux zones : une plus sc\u00e9nique, avec des r\u00e9f\u00e9rences au courant surr\u00e9aliste et \u00e0 la peinture m\u00e9taphysique, et une plus institutionnelle, toutes deux con\u00e7ues en mettant l'accent sur les couleurs et les contrastes tactiles.","og_url":"https:\/\/www.radicicarpet.it\/fr\/projets\/salone-del-mobile-2024\/","og_site_name":"Radici","article_modified_time":"2024-04-24T11:01:53+00:00","og_image":[{"url":"https:\/\/www.radicicarpet.it\/app\/uploads\/2024\/04\/DSC3659.webp","width":1,"height":1,"type":"image\/webp"}],"twitter_card":"summary_large_image","schema":{"@context":"https:\/\/schema.org","@graph":[{"@type":"WebPage","@id":"https:\/\/www.radicicarpet.it\/fr\/projets\/salone-del-mobile-2024\/","url":"https:\/\/www.radicicarpet.it\/fr\/projets\/salone-del-mobile-2024\/","name":"Salone del Mobile 2024 | Radici","isPartOf":{"@id":"https:\/\/www.radicicarpet.it\/fr\/#website"},"primaryImageOfPage":{"@id":"https:\/\/www.radicicarpet.it\/fr\/projets\/salone-del-mobile-2024\/#primaryimage"},"image":{"@id":"https:\/\/www.radicicarpet.it\/fr\/projets\/salone-del-mobile-2024\/#primaryimage"},"thumbnailUrl":"https:\/\/www.radicicarpet.it\/app\/uploads\/2024\/04\/DSC3659.webp","datePublished":"2024-04-22T07:33:05+00:00","dateModified":"2024-04-24T11:01:53+00:00","description":"Le stand est divis\u00e9 en deux zones : une plus sc\u00e9nique, avec des r\u00e9f\u00e9rences au courant surr\u00e9aliste et \u00e0 la peinture m\u00e9taphysique, et une plus institutionnelle, toutes deux con\u00e7ues en mettant l'accent sur les couleurs et les contrastes tactiles.","breadcrumb":{"@id":"https:\/\/www.radicicarpet.it\/fr\/projets\/salone-del-mobile-2024\/#breadcrumb"},"inLanguage":"fr-FR","potentialAction":[{"@type":"ReadAction","target":["https:\/\/www.radicicarpet.it\/fr\/projets\/salone-del-mobile-2024\/"]}]},{"@type":"ImageObject","inLanguage":"fr-FR","@id":"https:\/\/www.radicicarpet.it\/fr\/projets\/salone-del-mobile-2024\/#primaryimage","url":"https:\/\/www.radicicarpet.it\/app\/uploads\/2024\/04\/DSC3659.webp","contentUrl":"https:\/\/www.radicicarpet.it\/app\/uploads\/2024\/04\/DSC3659.webp","caption":"Salone2024"},{"@type":"BreadcrumbList","@id":"https:\/\/www.radicicarpet.it\/fr\/projets\/salone-del-mobile-2024\/#breadcrumb","itemListElement":[{"@type":"ListItem","position":1,"name":"Home","item":"https:\/\/www.radicicarpet.it\/fr\/"},{"@type":"ListItem","position":2,"name":"Projets","item":"https:\/\/www.radicicarpet.it\/fr\/projets\/"},{"@type":"ListItem","position":3,"name":"Salone del Mobile 2024"}]},{"@type":"WebSite","@id":"https:\/\/www.radicicarpet.it\/fr\/#website","url":"https:\/\/www.radicicarpet.it\/fr\/","name":"Radici Moquette","description":"","potentialAction":[{"@type":"SearchAction","target":{"@type":"EntryPoint","urlTemplate":"https:\/\/www.radicicarpet.it\/fr\/?s={search_term_string}"},"query-input":{"@type":"PropertyValueSpecification","valueRequired":true,"valueName":"search_term_string"}}],"inLanguage":"fr-FR"}]}},"_links":{"self":[{"href":"https:\/\/www.radicicarpet.it\/fr\/wp-json\/wp\/v2\/progetti\/15505","targetHints":{"allow":["GET"]}}],"collection":[{"href":"https:\/\/www.radicicarpet.it\/fr\/wp-json\/wp\/v2\/progetti"}],"about":[{"href":"https:\/\/www.radicicarpet.it\/fr\/wp-json\/wp\/v2\/types\/progetti"}],"wp:featuredmedia":[{"embeddable":true,"href":"https:\/\/www.radicicarpet.it\/fr\/wp-json\/wp\/v2\/media\/15445"}],"wp:attachment":[{"href":"https:\/\/www.radicicarpet.it\/fr\/wp-json\/wp\/v2\/media?parent=15505"}],"wp:term":[{"taxonomy":"categoria-progetti","embeddable":true,"href":"https:\/\/www.radicicarpet.it\/fr\/wp-json\/wp\/v2\/categoria-progetti?post=15505"},{"taxonomy":"paese","embeddable":true,"href":"https:\/\/www.radicicarpet.it\/fr\/wp-json\/wp\/v2\/paese?post=15505"}],"curies":[{"name":"wp","href":"https:\/\/api.w.org\/{rel}","templated":true}]}}

<p>Le stand est divisé en deux zones : une plus scénique, avec des références au courant surréaliste et à la peinture métaphysique, et une plus institutionnelle, toutes deux conçues en mettant l&#8217;accent sur les couleurs et les contrastes tactiles. </p>

<!-- This site is optimized with the Yoast SEO plugin v27.5 - https://yoast.com/product/yoast-seo-wordpress/ -->
<title>Salone del Mobile 2024 | Radici</title>
<meta name="description" content="Le stand est divisé en deux zones : une plus scénique, avec des références au courant surréaliste et à la peinture métaphysique, et une plus institutionnelle, toutes deux conçues en mettant l&#039;accent sur les couleurs et les contrastes tactiles." />
<meta name="robots" content="index, follow, max-snippet:-1, max-image-preview:large, max-video-preview:-1" />
<link rel="canonical" href="https://www.radicicarpet.it/fr/projets/salone-del-mobile-2024/" />
<meta property="og:locale" content="fr_FR" />
<meta property="og:type" content="article" />
<meta property="og:title" content="Salone del Mobile 2024 | Radici" />
<meta property="og:description" content="Le stand est divisé en deux zones : une plus scénique, avec des références au courant surréaliste et à la peinture métaphysique, et une plus institutionnelle, toutes deux conçues en mettant l&#039;accent sur les couleurs et les contrastes tactiles." />
<meta property="og:url" content="https://www.radicicarpet.it/fr/projets/salone-del-mobile-2024/" />
<meta property="og:site_name" content="Radici" />
<meta property="article:modified_time" content="2024-04-24T11:01:53+00:00" />
<meta property="og:image" content="https://www.radicicarpet.it/app/uploads/2024/04/DSC3659.webp" />
	<meta property="og:image:width" content="1" />
	<meta property="og:image:height" content="1" />
	<meta property="og:image:type" content="image/webp" />
<meta name="twitter:card" content="summary_large_image" />
<script type="application/ld+json" class="yoast-schema-graph">{"@context":"https:\/\/schema.org","@graph":[{"@type":"WebPage","@id":"https:\/\/www.radicicarpet.it\/fr\/projets\/salone-del-mobile-2024\/","url":"https:\/\/www.radicicarpet.it\/fr\/projets\/salone-del-mobile-2024\/","name":"Salone del Mobile 2024 | Radici","isPartOf":{"@id":"https:\/\/www.radicicarpet.it\/fr\/#website"},"primaryImageOfPage":{"@id":"https:\/\/www.radicicarpet.it\/fr\/projets\/salone-del-mobile-2024\/#primaryimage"},"image":{"@id":"https:\/\/www.radicicarpet.it\/fr\/projets\/salone-del-mobile-2024\/#primaryimage"},"thumbnailUrl":"https:\/\/www.radicicarpet.it\/app\/uploads\/2024\/04\/DSC3659.webp","datePublished":"2024-04-22T07:33:05+00:00","dateModified":"2024-04-24T11:01:53+00:00","description":"Le stand est divisé en deux zones : une plus scénique, avec des références au courant surréaliste et à la peinture métaphysique, et une plus institutionnelle, toutes deux conçues en mettant l'accent sur les couleurs et les contrastes tactiles.","breadcrumb":{"@id":"https:\/\/www.radicicarpet.it\/fr\/projets\/salone-del-mobile-2024\/#breadcrumb"},"inLanguage":"fr-FR","potentialAction":[{"@type":"ReadAction","target":["https:\/\/www.radicicarpet.it\/fr\/projets\/salone-del-mobile-2024\/"]}]},{"@type":"ImageObject","inLanguage":"fr-FR","@id":"https:\/\/www.radicicarpet.it\/fr\/projets\/salone-del-mobile-2024\/#primaryimage","url":"https:\/\/www.radicicarpet.it\/app\/uploads\/2024\/04\/DSC3659.webp","contentUrl":"https:\/\/www.radicicarpet.it\/app\/uploads\/2024\/04\/DSC3659.webp","caption":"Salone2024"},{"@type":"BreadcrumbList","@id":"https:\/\/www.radicicarpet.it\/fr\/projets\/salone-del-mobile-2024\/#breadcrumb","itemListElement":[{"@type":"ListItem","position":1,"name":"Home","item":"https:\/\/www.radicicarpet.it\/fr\/"},{"@type":"ListItem","position":2,"name":"Projets","item":"https:\/\/www.radicicarpet.it\/fr\/projets\/"},{"@type":"ListItem","position":3,"name":"Salone del Mobile 2024"}]},{"@type":"WebSite","@id":"https:\/\/www.radicicarpet.it\/fr\/#website","url":"https:\/\/www.radicicarpet.it\/fr\/","name":"Radici Moquette","description":"","potentialAction":[{"@type":"SearchAction","target":{"@type":"EntryPoint","urlTemplate":"https:\/\/www.radicicarpet.it\/fr\/?s={search_term_string}"},"query-input":{"@type":"PropertyValueSpecification","valueRequired":true,"valueName":"search_term_string"}}],"inLanguage":"fr-FR"}]}</script>
<!-- / Yoast SEO plugin. -->

Le stand est divisé en deux zones : une plus scénique, avec des références au courant surréaliste et à la peinture métaphysique, et une plus institutionnelle, toutes deux conçues en mettant l'accent sur les couleurs et les contrastes tactiles.
