{"id":16734,"date":"2024-04-23T13:46:13","date_gmt":"2024-04-23T11:46:13","guid":{"rendered":"https:\/\/www.radicicarpet.it\/prodotti\/assisi\/"},"modified":"2025-05-20T13:45:52","modified_gmt":"2025-05-20T11:45:52","slug":"assisi","status":"publish","type":"prodotti","link":"https:\/\/www.radicicarpet.it\/fr\/produits\/assisi\/","title":{"rendered":"Assisi"},"content":{"rendered":"","protected":false},"excerpt":{"rendered":"<p>Nos collections de carreaux, con\u00e7ues pour les zones \u00e0 fort trafic, offrent modularit\u00e9, polyvalence, facilit\u00e9 de remplacement, style et fonctionnalit\u00e9. Nos cr\u00e9ations vont au-del\u00e0 d&#8217;un simple rev\u00eatement de sol design, garantissant un niveau \u00e9lev\u00e9 de durabilit\u00e9 et de confort.<\/p>\n","protected":false},"featured_media":16440,"template":"","costruzione":[1813],"composizione":[3742],"colore":[3703,3704,3705,3706,3707,3708,3709,3710],"tipologia":[1737],"resistenza":[1795],"sottocategorie-prodotti":[4209],"categorie-prodotti":[1797],"class_list":["post-16734","prodotti","type-prodotti","status-publish","has-post-thumbnail","hentry","costruzione-tufting-fr","composizione-100-pa-solution-dyed-fr","colore-assisi-244547-fr","colore-assisi-244555-fr","colore-assisi-244556-fr","colore-assisi-244573-fr","colore-assisi-244575-fr","colore-assisi-244578-fr","colore-assisi-244647-fr","colore-assisi-244677-fr","tipologia-boucle","resistenza-extreme-fr","sottocategorie-prodotti-tiles-fr","categorie-prodotti-contract-fr-2"],"acf":[],"yoast_head":"<!-- This site is optimized with the Yoast SEO plugin v27.5 - https:\/\/yoast.com\/product\/yoast-seo-wordpress\/ -->\n<title>Assisi | Radici<\/title>\n<meta name=\"robots\" content=\"index, follow, max-snippet:-1, max-image-preview:large, max-video-preview:-1\" \/>\n<link rel=\"canonical\" href=\"https:\/\/www.radicicarpet.it\/fr\/produits\/assisi\/\" \/>\n<meta property=\"og:locale\" content=\"fr_FR\" \/>\n<meta property=\"og:type\" content=\"article\" \/>\n<meta property=\"og:title\" content=\"Assisi | Radici\" \/>\n<meta property=\"og:description\" content=\"Nos collections de carreaux, con\u00e7ues pour les zones \u00e0 fort trafic, offrent modularit\u00e9, polyvalence, facilit\u00e9 de remplacement, style et fonctionnalit\u00e9. Nos cr\u00e9ations vont au-del\u00e0 d&#039;un simple rev\u00eatement de sol design, garantissant un niveau \u00e9lev\u00e9 de durabilit\u00e9 et de confort.\" \/>\n<meta property=\"og:url\" content=\"https:\/\/www.radicicarpet.it\/fr\/produits\/assisi\/\" \/>\n<meta property=\"og:site_name\" content=\"Radici\" \/>\n<meta property=\"article:modified_time\" content=\"2025-05-20T11:45:52+00:00\" \/>\n<meta property=\"og:image\" content=\"https:\/\/www.radicicarpet.it\/app\/uploads\/2024\/04\/Assisi-1-2.webp\" \/>\n\t<meta property=\"og:image:width\" content=\"1000\" \/>\n\t<meta property=\"og:image:height\" content=\"1500\" \/>\n\t<meta property=\"og:image:type\" content=\"image\/webp\" \/>\n<meta name=\"twitter:card\" content=\"summary_large_image\" \/>\n<meta name=\"twitter:label1\" content=\"Est. reading time\" \/>\n\t<meta name=\"twitter:data1\" content=\"1 minute\" \/>\n<script type=\"application\/ld+json\" class=\"yoast-schema-graph\">{\"@context\":\"https:\\\/\\\/schema.org\",\"@graph\":[{\"@type\":\"WebPage\",\"@id\":\"https:\\\/\\\/www.radicicarpet.it\\\/fr\\\/produits\\\/assisi\\\/\",\"url\":\"https:\\\/\\\/www.radicicarpet.it\\\/fr\\\/produits\\\/assisi\\\/\",\"name\":\"Assisi | Radici\",\"isPartOf\":{\"@id\":\"https:\\\/\\\/www.radicicarpet.it\\\/fr\\\/#website\"},\"primaryImageOfPage\":{\"@id\":\"https:\\\/\\\/www.radicicarpet.it\\\/fr\\\/produits\\\/assisi\\\/#primaryimage\"},\"image\":{\"@id\":\"https:\\\/\\\/www.radicicarpet.it\\\/fr\\\/produits\\\/assisi\\\/#primaryimage\"},\"thumbnailUrl\":\"https:\\\/\\\/www.radicicarpet.it\\\/app\\\/uploads\\\/2024\\\/04\\\/Assisi-1-2.webp\",\"datePublished\":\"2024-04-23T11:46:13+00:00\",\"dateModified\":\"2025-05-20T11:45:52+00:00\",\"breadcrumb\":{\"@id\":\"https:\\\/\\\/www.radicicarpet.it\\\/fr\\\/produits\\\/assisi\\\/#breadcrumb\"},\"inLanguage\":\"fr-FR\",\"potentialAction\":[{\"@type\":\"ReadAction\",\"target\":[\"https:\\\/\\\/www.radicicarpet.it\\\/fr\\\/produits\\\/assisi\\\/\"]}]},{\"@type\":\"ImageObject\",\"inLanguage\":\"fr-FR\",\"@id\":\"https:\\\/\\\/www.radicicarpet.it\\\/fr\\\/produits\\\/assisi\\\/#primaryimage\",\"url\":\"https:\\\/\\\/www.radicicarpet.it\\\/app\\\/uploads\\\/2024\\\/04\\\/Assisi-1-2.webp\",\"contentUrl\":\"https:\\\/\\\/www.radicicarpet.it\\\/app\\\/uploads\\\/2024\\\/04\\\/Assisi-1-2.webp\",\"width\":1000,\"height\":1500,\"caption\":\"Assisi\"},{\"@type\":\"BreadcrumbList\",\"@id\":\"https:\\\/\\\/www.radicicarpet.it\\\/fr\\\/produits\\\/assisi\\\/#breadcrumb\",\"itemListElement\":[{\"@type\":\"ListItem\",\"position\":1,\"name\":\"Home\",\"item\":\"https:\\\/\\\/www.radicicarpet.it\\\/fr\\\/\"},{\"@type\":\"ListItem\",\"position\":2,\"name\":\"Produits\",\"item\":\"https:\\\/\\\/www.radicicarpet.it\\\/fr\\\/produits\\\/\"},{\"@type\":\"ListItem\",\"position\":3,\"name\":\"Assisi\"}]},{\"@type\":\"WebSite\",\"@id\":\"https:\\\/\\\/www.radicicarpet.it\\\/fr\\\/#website\",\"url\":\"https:\\\/\\\/www.radicicarpet.it\\\/fr\\\/\",\"name\":\"Radici Moquette\",\"description\":\"\",\"potentialAction\":[{\"@type\":\"SearchAction\",\"target\":{\"@type\":\"EntryPoint\",\"urlTemplate\":\"https:\\\/\\\/www.radicicarpet.it\\\/fr\\\/?s={search_term_string}\"},\"query-input\":{\"@type\":\"PropertyValueSpecification\",\"valueRequired\":true,\"valueName\":\"search_term_string\"}}],\"inLanguage\":\"fr-FR\"}]}<\/script>\n<!-- \/ Yoast SEO plugin. -->","yoast_head_json":{"title":"Assisi | Radici","robots":{"index":"index","follow":"follow","max-snippet":"max-snippet:-1","max-image-preview":"max-image-preview:large","max-video-preview":"max-video-preview:-1"},"canonical":"https:\/\/www.radicicarpet.it\/fr\/produits\/assisi\/","og_locale":"fr_FR","og_type":"article","og_title":"Assisi | Radici","og_description":"Nos collections de carreaux, con\u00e7ues pour les zones \u00e0 fort trafic, offrent modularit\u00e9, polyvalence, facilit\u00e9 de remplacement, style et fonctionnalit\u00e9. Nos cr\u00e9ations vont au-del\u00e0 d'un simple rev\u00eatement de sol design, garantissant un niveau \u00e9lev\u00e9 de durabilit\u00e9 et de confort.","og_url":"https:\/\/www.radicicarpet.it\/fr\/produits\/assisi\/","og_site_name":"Radici","article_modified_time":"2025-05-20T11:45:52+00:00","og_image":[{"width":1000,"height":1500,"url":"https:\/\/www.radicicarpet.it\/app\/uploads\/2024\/04\/Assisi-1-2.webp","type":"image\/webp"}],"twitter_card":"summary_large_image","twitter_misc":{"Est. reading time":"1 minute"},"schema":{"@context":"https:\/\/schema.org","@graph":[{"@type":"WebPage","@id":"https:\/\/www.radicicarpet.it\/fr\/produits\/assisi\/","url":"https:\/\/www.radicicarpet.it\/fr\/produits\/assisi\/","name":"Assisi | Radici","isPartOf":{"@id":"https:\/\/www.radicicarpet.it\/fr\/#website"},"primaryImageOfPage":{"@id":"https:\/\/www.radicicarpet.it\/fr\/produits\/assisi\/#primaryimage"},"image":{"@id":"https:\/\/www.radicicarpet.it\/fr\/produits\/assisi\/#primaryimage"},"thumbnailUrl":"https:\/\/www.radicicarpet.it\/app\/uploads\/2024\/04\/Assisi-1-2.webp","datePublished":"2024-04-23T11:46:13+00:00","dateModified":"2025-05-20T11:45:52+00:00","breadcrumb":{"@id":"https:\/\/www.radicicarpet.it\/fr\/produits\/assisi\/#breadcrumb"},"inLanguage":"fr-FR","potentialAction":[{"@type":"ReadAction","target":["https:\/\/www.radicicarpet.it\/fr\/produits\/assisi\/"]}]},{"@type":"ImageObject","inLanguage":"fr-FR","@id":"https:\/\/www.radicicarpet.it\/fr\/produits\/assisi\/#primaryimage","url":"https:\/\/www.radicicarpet.it\/app\/uploads\/2024\/04\/Assisi-1-2.webp","contentUrl":"https:\/\/www.radicicarpet.it\/app\/uploads\/2024\/04\/Assisi-1-2.webp","width":1000,"height":1500,"caption":"Assisi"},{"@type":"BreadcrumbList","@id":"https:\/\/www.radicicarpet.it\/fr\/produits\/assisi\/#breadcrumb","itemListElement":[{"@type":"ListItem","position":1,"name":"Home","item":"https:\/\/www.radicicarpet.it\/fr\/"},{"@type":"ListItem","position":2,"name":"Produits","item":"https:\/\/www.radicicarpet.it\/fr\/produits\/"},{"@type":"ListItem","position":3,"name":"Assisi"}]},{"@type":"WebSite","@id":"https:\/\/www.radicicarpet.it\/fr\/#website","url":"https:\/\/www.radicicarpet.it\/fr\/","name":"Radici Moquette","description":"","potentialAction":[{"@type":"SearchAction","target":{"@type":"EntryPoint","urlTemplate":"https:\/\/www.radicicarpet.it\/fr\/?s={search_term_string}"},"query-input":{"@type":"PropertyValueSpecification","valueRequired":true,"valueName":"search_term_string"}}],"inLanguage":"fr-FR"}]}},"_links":{"self":[{"href":"https:\/\/www.radicicarpet.it\/fr\/wp-json\/wp\/v2\/prodotti\/16734","targetHints":{"allow":["GET"]}}],"collection":[{"href":"https:\/\/www.radicicarpet.it\/fr\/wp-json\/wp\/v2\/prodotti"}],"about":[{"href":"https:\/\/www.radicicarpet.it\/fr\/wp-json\/wp\/v2\/types\/prodotti"}],"wp:featuredmedia":[{"embeddable":true,"href":"https:\/\/www.radicicarpet.it\/fr\/wp-json\/wp\/v2\/media\/16440"}],"wp:attachment":[{"href":"https:\/\/www.radicicarpet.it\/fr\/wp-json\/wp\/v2\/media?parent=16734"}],"wp:term":[{"taxonomy":"costruzione","embeddable":true,"href":"https:\/\/www.radicicarpet.it\/fr\/wp-json\/wp\/v2\/costruzione?post=16734"},{"taxonomy":"composizione","embeddable":true,"href":"https:\/\/www.radicicarpet.it\/fr\/wp-json\/wp\/v2\/composizione?post=16734"},{"taxonomy":"colore","embeddable":true,"href":"https:\/\/www.radicicarpet.it\/fr\/wp-json\/wp\/v2\/colore?post=16734"},{"taxonomy":"tipologia","embeddable":true,"href":"https:\/\/www.radicicarpet.it\/fr\/wp-json\/wp\/v2\/tipologia?post=16734"},{"taxonomy":"resistenza","embeddable":true,"href":"https:\/\/www.radicicarpet.it\/fr\/wp-json\/wp\/v2\/resistenza?post=16734"},{"taxonomy":"sottocategorie-prodotti","embeddable":true,"href":"https:\/\/www.radicicarpet.it\/fr\/wp-json\/wp\/v2\/sottocategorie-prodotti?post=16734"},{"taxonomy":"categorie-prodotti","embeddable":true,"href":"https:\/\/www.radicicarpet.it\/fr\/wp-json\/wp\/v2\/categorie-prodotti?post=16734"}],"curies":[{"name":"wp","href":"https:\/\/api.w.org\/{rel}","templated":true}]}}

<p>Nos collections de carreaux, conçues pour les zones à fort trafic, offrent modularité, polyvalence, facilité de remplacement, style et fonctionnalité. Nos créations vont au-delà d&#8217;un simple revêtement de sol design, garantissant un niveau élevé de durabilité et de confort.</p>

<!-- This site is optimized with the Yoast SEO plugin v27.5 - https://yoast.com/product/yoast-seo-wordpress/ -->
<title>Assisi | Radici</title>
<meta name="robots" content="index, follow, max-snippet:-1, max-image-preview:large, max-video-preview:-1" />
<link rel="canonical" href="https://www.radicicarpet.it/fr/produits/assisi/" />
<meta property="og:locale" content="fr_FR" />
<meta property="og:type" content="article" />
<meta property="og:title" content="Assisi | Radici" />
<meta property="og:description" content="Nos collections de carreaux, conçues pour les zones à fort trafic, offrent modularité, polyvalence, facilité de remplacement, style et fonctionnalité. Nos créations vont au-delà d&#039;un simple revêtement de sol design, garantissant un niveau élevé de durabilité et de confort." />
<meta property="og:url" content="https://www.radicicarpet.it/fr/produits/assisi/" />
<meta property="og:site_name" content="Radici" />
<meta property="article:modified_time" content="2025-05-20T11:45:52+00:00" />
<meta property="og:image" content="https://www.radicicarpet.it/app/uploads/2024/04/Assisi-1-2.webp" />
	<meta property="og:image:width" content="1000" />
	<meta property="og:image:height" content="1500" />
	<meta property="og:image:type" content="image/webp" />
<meta name="twitter:card" content="summary_large_image" />
<meta name="twitter:label1" content="Est. reading time" />
	<meta name="twitter:data1" content="1 minute" />
<script type="application/ld+json" class="yoast-schema-graph">{"@context":"https:\/\/schema.org","@graph":[{"@type":"WebPage","@id":"https:\/\/www.radicicarpet.it\/fr\/produits\/assisi\/","url":"https:\/\/www.radicicarpet.it\/fr\/produits\/assisi\/","name":"Assisi | Radici","isPartOf":{"@id":"https:\/\/www.radicicarpet.it\/fr\/#website"},"primaryImageOfPage":{"@id":"https:\/\/www.radicicarpet.it\/fr\/produits\/assisi\/#primaryimage"},"image":{"@id":"https:\/\/www.radicicarpet.it\/fr\/produits\/assisi\/#primaryimage"},"thumbnailUrl":"https:\/\/www.radicicarpet.it\/app\/uploads\/2024\/04\/Assisi-1-2.webp","datePublished":"2024-04-23T11:46:13+00:00","dateModified":"2025-05-20T11:45:52+00:00","breadcrumb":{"@id":"https:\/\/www.radicicarpet.it\/fr\/produits\/assisi\/#breadcrumb"},"inLanguage":"fr-FR","potentialAction":[{"@type":"ReadAction","target":["https:\/\/www.radicicarpet.it\/fr\/produits\/assisi\/"]}]},{"@type":"ImageObject","inLanguage":"fr-FR","@id":"https:\/\/www.radicicarpet.it\/fr\/produits\/assisi\/#primaryimage","url":"https:\/\/www.radicicarpet.it\/app\/uploads\/2024\/04\/Assisi-1-2.webp","contentUrl":"https:\/\/www.radicicarpet.it\/app\/uploads\/2024\/04\/Assisi-1-2.webp","width":1000,"height":1500,"caption":"Assisi"},{"@type":"BreadcrumbList","@id":"https:\/\/www.radicicarpet.it\/fr\/produits\/assisi\/#breadcrumb","itemListElement":[{"@type":"ListItem","position":1,"name":"Home","item":"https:\/\/www.radicicarpet.it\/fr\/"},{"@type":"ListItem","position":2,"name":"Produits","item":"https:\/\/www.radicicarpet.it\/fr\/produits\/"},{"@type":"ListItem","position":3,"name":"Assisi"}]},{"@type":"WebSite","@id":"https:\/\/www.radicicarpet.it\/fr\/#website","url":"https:\/\/www.radicicarpet.it\/fr\/","name":"Radici Moquette","description":"","potentialAction":[{"@type":"SearchAction","target":{"@type":"EntryPoint","urlTemplate":"https:\/\/www.radicicarpet.it\/fr\/?s={search_term_string}"},"query-input":{"@type":"PropertyValueSpecification","valueRequired":true,"valueName":"search_term_string"}}],"inLanguage":"fr-FR"}]}</script>
<!-- / Yoast SEO plugin. -->

Nos collections de carreaux, conçues pour les zones à fort trafic, offrent modularité, polyvalence, facilité de remplacement, style et fonctionnalité. Nos créations vont au-delà d'un simple revêtement de sol design, garantissant un niveau élevé de durabilité et de confort.
