{"id":10366,"date":"2023-09-25T16:35:04","date_gmt":"2023-09-25T14:35:04","guid":{"rendered":"https:\/\/www.radicicarpet.it\/prodotti\/abetone\/"},"modified":"2025-05-20T08:41:52","modified_gmt":"2025-05-20T06:41:52","slug":"abetone","status":"publish","type":"prodotti","link":"https:\/\/www.radicicarpet.it\/fr\/produits\/abetone\/","title":{"rendered":"Abetone"},"content":{"rendered":"","protected":false},"excerpt":{"rendered":"","protected":false},"featured_media":10368,"template":"","costruzione":[1783],"composizione":[1784],"colore":[4190,3294,3295,2731,2734,2629,3298,3301,4173,2778,4196,3302,2631,3304,3305,4199,3306,3307,3308,3309,3310,3163,4191,4200,3313,2826,3314,3316,4186,4170,3318,4181,3165,4183,1740,3320,2833,4204,3323,4176],"tipologia":[1881],"resistenza":[2526],"sottocategorie-prodotti":[1827],"categorie-prodotti":[1797,1828],"class_list":["post-10366","prodotti","type-prodotti","status-publish","has-post-thumbnail","hentry","costruzione-wilton-fr","composizione-100-laine","colore-abetone-amaranto-1733-fr","colore-abetone-antilope-4264-fr-2","colore-abetone-antracite-6088-fr-2","colore-abetone-avorio-4215-fr","colore-abetone-beige-4796-fr","colore-abetone-blu-2047-fr","colore-abetone-blu-2069-fr-2","colore-abetone-caramel-1917-fr-2","colore-abetone-cera-7212-fr","colore-abetone-daino-4984-fr","colore-abetone-delta-3958-fr","colore-abetone-espresso-4971-fr-2","colore-abetone-fiordaliso-2602-fr","colore-abetone-giada-3137-fr-2","colore-abetone-grigiochiaro-5340-fr-2","colore-abetone-libellula-3956-fr","colore-abetone-lilla-1563-fr-2","colore-abetone-marrone-4063-fr-2","colore-abetone-nero-6035-fr-2","colore-abetone-noce-4024-fr-2","colore-abetone-olivo-3725-fr-2","colore-abetone-panna-714-fr","colore-abetone-paprika-1734-fr","colore-abetone-pino-3957-fr","colore-abetone-plumbeo-5260-fr-2","colore-abetone-polvere-4838-fr","colore-abetone-rosa-4064-fr-2","colore-abetone-rosso-1092-fr-2","colore-abetone-salmone-1735-fr","colore-abetone-seafoam-220322-fr","colore-abetone-selce-4818-fr-2","colore-abetone-senape-40243-fr","colore-abetone-silver-5630-fr","colore-abetone-tabacco-40242-fr","colore-abetone-terracotta-1118-fr-2","colore-abetone-tortora-4972-fr-2","colore-abetone-vaniglia-4600-fr","colore-abetone-viola-20320-fr","colore-abetone-zaffiro-2515-fr-2","colore-abetone-zodiaco-20321-fr","tipologia-velours","resistenza-normal-fr","sottocategorie-prodotti-collections-fr","categorie-prodotti-contract-fr-2","categorie-prodotti-residentiel"],"acf":[],"yoast_head":"<!-- This site is optimized with the Yoast SEO plugin v27.2 - https:\/\/yoast.com\/product\/yoast-seo-wordpress\/ -->\n<title>Abetone: Moquette de Luxe pour Chambres d&#039;H\u00f4tel | Radici<\/title>\n<meta name=\"description\" content=\"D\u00e9couvrez Abetone, une moquette haut de gamme fabriqu\u00e9e \u00e0 partir de fibres de laine 100 % naturelles. Parfaite pour les chambres d&#039;h\u00f4tel et les boutiques de mode, elle est synonyme de luxe et de qualit\u00e9.\" \/>\n<meta name=\"robots\" content=\"index, follow, max-snippet:-1, max-image-preview:large, max-video-preview:-1\" \/>\n<link rel=\"canonical\" href=\"https:\/\/www.radicicarpet.it\/fr\/produits\/abetone\/\" \/>\n<meta property=\"og:locale\" content=\"fr_FR\" \/>\n<meta property=\"og:type\" content=\"article\" \/>\n<meta property=\"og:title\" content=\"Abetone: Moquette de Luxe pour Chambres d&#039;H\u00f4tel | Radici\" \/>\n<meta property=\"og:description\" content=\"D\u00e9couvrez Abetone, une moquette haut de gamme fabriqu\u00e9e \u00e0 partir de fibres de laine 100 % naturelles. Parfaite pour les chambres d&#039;h\u00f4tel et les boutiques de mode, elle est synonyme de luxe et de qualit\u00e9.\" \/>\n<meta property=\"og:url\" content=\"https:\/\/www.radicicarpet.it\/fr\/produits\/abetone\/\" \/>\n<meta property=\"og:site_name\" content=\"Radici\" \/>\n<meta property=\"article:modified_time\" content=\"2025-05-20T06:41:52+00:00\" \/>\n<meta property=\"og:image\" content=\"https:\/\/www.radicicarpet.it\/app\/uploads\/2023\/09\/0_copertina-2.webp\" \/>\n\t<meta property=\"og:image:width\" content=\"816\" \/>\n\t<meta property=\"og:image:height\" content=\"816\" \/>\n\t<meta property=\"og:image:type\" content=\"image\/webp\" \/>\n<meta name=\"twitter:card\" content=\"summary_large_image\" \/>\n<meta name=\"twitter:label1\" content=\"Est. reading time\" \/>\n\t<meta name=\"twitter:data1\" content=\"1 minute\" \/>\n<script type=\"application\/ld+json\" class=\"yoast-schema-graph\">{\"@context\":\"https:\/\/schema.org\",\"@graph\":[{\"@type\":\"WebPage\",\"@id\":\"https:\/\/www.radicicarpet.it\/fr\/produits\/abetone\/\",\"url\":\"https:\/\/www.radicicarpet.it\/fr\/produits\/abetone\/\",\"name\":\"Abetone: Moquette de Luxe pour Chambres d'H\u00f4tel | Radici\",\"isPartOf\":{\"@id\":\"https:\/\/www.radicicarpet.it\/fr\/#website\"},\"primaryImageOfPage\":{\"@id\":\"https:\/\/www.radicicarpet.it\/fr\/produits\/abetone\/#primaryimage\"},\"image\":{\"@id\":\"https:\/\/www.radicicarpet.it\/fr\/produits\/abetone\/#primaryimage\"},\"thumbnailUrl\":\"https:\/\/www.radicicarpet.it\/app\/uploads\/2023\/09\/0_copertina-2.webp\",\"datePublished\":\"2023-09-25T14:35:04+00:00\",\"dateModified\":\"2025-05-20T06:41:52+00:00\",\"description\":\"D\u00e9couvrez Abetone, une moquette haut de gamme fabriqu\u00e9e \u00e0 partir de fibres de laine 100 % naturelles. Parfaite pour les chambres d'h\u00f4tel et les boutiques de mode, elle est synonyme de luxe et de qualit\u00e9.\",\"breadcrumb\":{\"@id\":\"https:\/\/www.radicicarpet.it\/fr\/produits\/abetone\/#breadcrumb\"},\"inLanguage\":\"fr-FR\",\"potentialAction\":[{\"@type\":\"ReadAction\",\"target\":[\"https:\/\/www.radicicarpet.it\/fr\/produits\/abetone\/\"]}]},{\"@type\":\"ImageObject\",\"inLanguage\":\"fr-FR\",\"@id\":\"https:\/\/www.radicicarpet.it\/fr\/produits\/abetone\/#primaryimage\",\"url\":\"https:\/\/www.radicicarpet.it\/app\/uploads\/2023\/09\/0_copertina-2.webp\",\"contentUrl\":\"https:\/\/www.radicicarpet.it\/app\/uploads\/2023\/09\/0_copertina-2.webp\",\"width\":816,\"height\":816},{\"@type\":\"BreadcrumbList\",\"@id\":\"https:\/\/www.radicicarpet.it\/fr\/produits\/abetone\/#breadcrumb\",\"itemListElement\":[{\"@type\":\"ListItem\",\"position\":1,\"name\":\"Home\",\"item\":\"https:\/\/www.radicicarpet.it\/fr\/\"},{\"@type\":\"ListItem\",\"position\":2,\"name\":\"Produits\",\"item\":\"https:\/\/www.radicicarpet.it\/fr\/produits\/\"},{\"@type\":\"ListItem\",\"position\":3,\"name\":\"Abetone\"}]},{\"@type\":\"WebSite\",\"@id\":\"https:\/\/www.radicicarpet.it\/fr\/#website\",\"url\":\"https:\/\/www.radicicarpet.it\/fr\/\",\"name\":\"Radici Moquette\",\"description\":\"\",\"potentialAction\":[{\"@type\":\"SearchAction\",\"target\":{\"@type\":\"EntryPoint\",\"urlTemplate\":\"https:\/\/www.radicicarpet.it\/fr\/?s={search_term_string}\"},\"query-input\":{\"@type\":\"PropertyValueSpecification\",\"valueRequired\":true,\"valueName\":\"search_term_string\"}}],\"inLanguage\":\"fr-FR\"}]}<\/script>\n<!-- \/ Yoast SEO plugin. -->","yoast_head_json":{"title":"Abetone: Moquette de Luxe pour Chambres d'H\u00f4tel | Radici","description":"D\u00e9couvrez Abetone, une moquette haut de gamme fabriqu\u00e9e \u00e0 partir de fibres de laine 100 % naturelles. Parfaite pour les chambres d'h\u00f4tel et les boutiques de mode, elle est synonyme de luxe et de qualit\u00e9.","robots":{"index":"index","follow":"follow","max-snippet":"max-snippet:-1","max-image-preview":"max-image-preview:large","max-video-preview":"max-video-preview:-1"},"canonical":"https:\/\/www.radicicarpet.it\/fr\/produits\/abetone\/","og_locale":"fr_FR","og_type":"article","og_title":"Abetone: Moquette de Luxe pour Chambres d'H\u00f4tel | Radici","og_description":"D\u00e9couvrez Abetone, une moquette haut de gamme fabriqu\u00e9e \u00e0 partir de fibres de laine 100 % naturelles. Parfaite pour les chambres d'h\u00f4tel et les boutiques de mode, elle est synonyme de luxe et de qualit\u00e9.","og_url":"https:\/\/www.radicicarpet.it\/fr\/produits\/abetone\/","og_site_name":"Radici","article_modified_time":"2025-05-20T06:41:52+00:00","og_image":[{"width":816,"height":816,"url":"https:\/\/www.radicicarpet.it\/app\/uploads\/2023\/09\/0_copertina-2.webp","type":"image\/webp"}],"twitter_card":"summary_large_image","twitter_misc":{"Est. reading time":"1 minute"},"schema":{"@context":"https:\/\/schema.org","@graph":[{"@type":"WebPage","@id":"https:\/\/www.radicicarpet.it\/fr\/produits\/abetone\/","url":"https:\/\/www.radicicarpet.it\/fr\/produits\/abetone\/","name":"Abetone: Moquette de Luxe pour Chambres d'H\u00f4tel | Radici","isPartOf":{"@id":"https:\/\/www.radicicarpet.it\/fr\/#website"},"primaryImageOfPage":{"@id":"https:\/\/www.radicicarpet.it\/fr\/produits\/abetone\/#primaryimage"},"image":{"@id":"https:\/\/www.radicicarpet.it\/fr\/produits\/abetone\/#primaryimage"},"thumbnailUrl":"https:\/\/www.radicicarpet.it\/app\/uploads\/2023\/09\/0_copertina-2.webp","datePublished":"2023-09-25T14:35:04+00:00","dateModified":"2025-05-20T06:41:52+00:00","description":"D\u00e9couvrez Abetone, une moquette haut de gamme fabriqu\u00e9e \u00e0 partir de fibres de laine 100 % naturelles. Parfaite pour les chambres d'h\u00f4tel et les boutiques de mode, elle est synonyme de luxe et de qualit\u00e9.","breadcrumb":{"@id":"https:\/\/www.radicicarpet.it\/fr\/produits\/abetone\/#breadcrumb"},"inLanguage":"fr-FR","potentialAction":[{"@type":"ReadAction","target":["https:\/\/www.radicicarpet.it\/fr\/produits\/abetone\/"]}]},{"@type":"ImageObject","inLanguage":"fr-FR","@id":"https:\/\/www.radicicarpet.it\/fr\/produits\/abetone\/#primaryimage","url":"https:\/\/www.radicicarpet.it\/app\/uploads\/2023\/09\/0_copertina-2.webp","contentUrl":"https:\/\/www.radicicarpet.it\/app\/uploads\/2023\/09\/0_copertina-2.webp","width":816,"height":816},{"@type":"BreadcrumbList","@id":"https:\/\/www.radicicarpet.it\/fr\/produits\/abetone\/#breadcrumb","itemListElement":[{"@type":"ListItem","position":1,"name":"Home","item":"https:\/\/www.radicicarpet.it\/fr\/"},{"@type":"ListItem","position":2,"name":"Produits","item":"https:\/\/www.radicicarpet.it\/fr\/produits\/"},{"@type":"ListItem","position":3,"name":"Abetone"}]},{"@type":"WebSite","@id":"https:\/\/www.radicicarpet.it\/fr\/#website","url":"https:\/\/www.radicicarpet.it\/fr\/","name":"Radici Moquette","description":"","potentialAction":[{"@type":"SearchAction","target":{"@type":"EntryPoint","urlTemplate":"https:\/\/www.radicicarpet.it\/fr\/?s={search_term_string}"},"query-input":{"@type":"PropertyValueSpecification","valueRequired":true,"valueName":"search_term_string"}}],"inLanguage":"fr-FR"}]}},"_links":{"self":[{"href":"https:\/\/www.radicicarpet.it\/fr\/wp-json\/wp\/v2\/prodotti\/10366","targetHints":{"allow":["GET"]}}],"collection":[{"href":"https:\/\/www.radicicarpet.it\/fr\/wp-json\/wp\/v2\/prodotti"}],"about":[{"href":"https:\/\/www.radicicarpet.it\/fr\/wp-json\/wp\/v2\/types\/prodotti"}],"wp:featuredmedia":[{"embeddable":true,"href":"https:\/\/www.radicicarpet.it\/fr\/wp-json\/wp\/v2\/media\/10368"}],"wp:attachment":[{"href":"https:\/\/www.radicicarpet.it\/fr\/wp-json\/wp\/v2\/media?parent=10366"}],"wp:term":[{"taxonomy":"costruzione","embeddable":true,"href":"https:\/\/www.radicicarpet.it\/fr\/wp-json\/wp\/v2\/costruzione?post=10366"},{"taxonomy":"composizione","embeddable":true,"href":"https:\/\/www.radicicarpet.it\/fr\/wp-json\/wp\/v2\/composizione?post=10366"},{"taxonomy":"colore","embeddable":true,"href":"https:\/\/www.radicicarpet.it\/fr\/wp-json\/wp\/v2\/colore?post=10366"},{"taxonomy":"tipologia","embeddable":true,"href":"https:\/\/www.radicicarpet.it\/fr\/wp-json\/wp\/v2\/tipologia?post=10366"},{"taxonomy":"resistenza","embeddable":true,"href":"https:\/\/www.radicicarpet.it\/fr\/wp-json\/wp\/v2\/resistenza?post=10366"},{"taxonomy":"sottocategorie-prodotti","embeddable":true,"href":"https:\/\/www.radicicarpet.it\/fr\/wp-json\/wp\/v2\/sottocategorie-prodotti?post=10366"},{"taxonomy":"categorie-prodotti","embeddable":true,"href":"https:\/\/www.radicicarpet.it\/fr\/wp-json\/wp\/v2\/categorie-prodotti?post=10366"}],"curies":[{"name":"wp","href":"https:\/\/api.w.org\/{rel}","templated":true}]}}

<!-- This site is optimized with the Yoast SEO plugin v27.2 - https://yoast.com/product/yoast-seo-wordpress/ -->
<title>Abetone: Moquette de Luxe pour Chambres d&#039;Hôtel | Radici</title>
<meta name="description" content="Découvrez Abetone, une moquette haut de gamme fabriquée à partir de fibres de laine 100 % naturelles. Parfaite pour les chambres d&#039;hôtel et les boutiques de mode, elle est synonyme de luxe et de qualité." />
<meta name="robots" content="index, follow, max-snippet:-1, max-image-preview:large, max-video-preview:-1" />
<link rel="canonical" href="https://www.radicicarpet.it/fr/produits/abetone/" />
<meta property="og:locale" content="fr_FR" />
<meta property="og:type" content="article" />
<meta property="og:title" content="Abetone: Moquette de Luxe pour Chambres d&#039;Hôtel | Radici" />
<meta property="og:description" content="Découvrez Abetone, une moquette haut de gamme fabriquée à partir de fibres de laine 100 % naturelles. Parfaite pour les chambres d&#039;hôtel et les boutiques de mode, elle est synonyme de luxe et de qualité." />
<meta property="og:url" content="https://www.radicicarpet.it/fr/produits/abetone/" />
<meta property="og:site_name" content="Radici" />
<meta property="article:modified_time" content="2025-05-20T06:41:52+00:00" />
<meta property="og:image" content="https://www.radicicarpet.it/app/uploads/2023/09/0_copertina-2.webp" />
	<meta property="og:image:width" content="816" />
	<meta property="og:image:height" content="816" />
	<meta property="og:image:type" content="image/webp" />
<meta name="twitter:card" content="summary_large_image" />
<meta name="twitter:label1" content="Est. reading time" />
	<meta name="twitter:data1" content="1 minute" />
<script type="application/ld+json" class="yoast-schema-graph">{"@context":"https://schema.org","@graph":[{"@type":"WebPage","@id":"https://www.radicicarpet.it/fr/produits/abetone/","url":"https://www.radicicarpet.it/fr/produits/abetone/","name":"Abetone: Moquette de Luxe pour Chambres d'Hôtel | Radici","isPartOf":{"@id":"https://www.radicicarpet.it/fr/#website"},"primaryImageOfPage":{"@id":"https://www.radicicarpet.it/fr/produits/abetone/#primaryimage"},"image":{"@id":"https://www.radicicarpet.it/fr/produits/abetone/#primaryimage"},"thumbnailUrl":"https://www.radicicarpet.it/app/uploads/2023/09/0_copertina-2.webp","datePublished":"2023-09-25T14:35:04+00:00","dateModified":"2025-05-20T06:41:52+00:00","description":"Découvrez Abetone, une moquette haut de gamme fabriquée à partir de fibres de laine 100 % naturelles. Parfaite pour les chambres d'hôtel et les boutiques de mode, elle est synonyme de luxe et de qualité.","breadcrumb":{"@id":"https://www.radicicarpet.it/fr/produits/abetone/#breadcrumb"},"inLanguage":"fr-FR","potentialAction":[{"@type":"ReadAction","target":["https://www.radicicarpet.it/fr/produits/abetone/"]}]},{"@type":"ImageObject","inLanguage":"fr-FR","@id":"https://www.radicicarpet.it/fr/produits/abetone/#primaryimage","url":"https://www.radicicarpet.it/app/uploads/2023/09/0_copertina-2.webp","contentUrl":"https://www.radicicarpet.it/app/uploads/2023/09/0_copertina-2.webp","width":816,"height":816},{"@type":"BreadcrumbList","@id":"https://www.radicicarpet.it/fr/produits/abetone/#breadcrumb","itemListElement":[{"@type":"ListItem","position":1,"name":"Home","item":"https://www.radicicarpet.it/fr/"},{"@type":"ListItem","position":2,"name":"Produits","item":"https://www.radicicarpet.it/fr/produits/"},{"@type":"ListItem","position":3,"name":"Abetone"}]},{"@type":"WebSite","@id":"https://www.radicicarpet.it/fr/#website","url":"https://www.radicicarpet.it/fr/","name":"Radici Moquette","description":"","potentialAction":[{"@type":"SearchAction","target":{"@type":"EntryPoint","urlTemplate":"https://www.radicicarpet.it/fr/?s={search_term_string}"},"query-input":{"@type":"PropertyValueSpecification","valueRequired":true,"valueName":"search_term_string"}}],"inLanguage":"fr-FR"}]}</script>
<!-- / Yoast SEO plugin. -->

Abetone: Moquette de Luxe pour Chambres d'Hôtel | Radici

Découvrez Abetone, une moquette haut de gamme fabriquée à partir de fibres de laine 100 % naturelles. Parfaite pour les chambres d'hôtel et les boutiques de mode, elle est synonyme de luxe et de qualité.
