{"id":10289,"date":"2023-10-10T12:36:58","date_gmt":"2023-10-10T10:36:58","guid":{"rendered":"https:\/\/www.radicicarpet.it\/prodotti\/axminster\/"},"modified":"2025-05-13T07:29:48","modified_gmt":"2025-05-13T05:29:48","slug":"axminster","status":"publish","type":"prodotti","link":"https:\/\/www.radicicarpet.it\/fr\/produits\/axminster\/","title":{"rendered":"Axminster"},"content":{"rendered":"","protected":false},"excerpt":{"rendered":"","protected":false},"featured_media":10291,"template":"","costruzione":[2876],"composizione":[1917],"colore":[1893,1964,2148,2167,2328,2344,2360,2374,2388,2402,2412],"tipologia":[1881],"resistenza":[1795],"sottocategorie-prodotti":[1796],"categorie-prodotti":[1797],"class_list":["post-10289","prodotti","type-prodotti","status-publish","has-post-thumbnail","hentry","costruzione-axminster-fr","composizione-80-laine-20-pa","colore-01_axminster-fr-2","colore-02_axminster-fr","colore-03_axminster-fr","colore-04_axminster-fr","colore-05_axminster-fr","colore-06_axminster-fr","colore-07_axminster-fr","colore-08_axminster-fr-2","colore-09_axminster-fr","colore-10_axminster-fr","colore-11_axminster-fr","tipologia-velours","resistenza-extreme-fr","sottocategorie-prodotti-custom-fr-2","categorie-prodotti-contract-fr-2"],"acf":[],"yoast_head":"<!-- This site is optimized with the Yoast SEO plugin v27.5 - https:\/\/yoast.com\/product\/yoast-seo-wordpress\/ -->\n<title>Axminster: Moquette Personnalisable | Radici<\/title>\n<meta name=\"description\" content=\"D\u00e9couvrez Axminster, une moquette avec une base pr\u00e9cieuse en laine et polyamide, id\u00e9ale pour les chambres \u00e0 coucher et les espaces publics.\" \/>\n<meta name=\"robots\" content=\"index, follow, max-snippet:-1, max-image-preview:large, max-video-preview:-1\" \/>\n<link rel=\"canonical\" href=\"https:\/\/www.radicicarpet.it\/fr\/produits\/axminster\/\" \/>\n<meta property=\"og:locale\" content=\"fr_FR\" \/>\n<meta property=\"og:type\" content=\"article\" \/>\n<meta property=\"og:title\" content=\"Axminster: Moquette Personnalisable | Radici\" \/>\n<meta property=\"og:description\" content=\"D\u00e9couvrez Axminster, une moquette avec une base pr\u00e9cieuse en laine et polyamide, id\u00e9ale pour les chambres \u00e0 coucher et les espaces publics.\" \/>\n<meta property=\"og:url\" content=\"https:\/\/www.radicicarpet.it\/fr\/produits\/axminster\/\" \/>\n<meta property=\"og:site_name\" content=\"Radici\" \/>\n<meta property=\"article:modified_time\" content=\"2025-05-13T05:29:48+00:00\" \/>\n<meta property=\"og:image\" content=\"https:\/\/www.radicicarpet.it\/app\/uploads\/2023\/10\/0_copertina-1.webp\" \/>\n\t<meta property=\"og:image:width\" content=\"816\" \/>\n\t<meta property=\"og:image:height\" content=\"816\" \/>\n\t<meta property=\"og:image:type\" content=\"image\/webp\" \/>\n<meta name=\"twitter:card\" content=\"summary_large_image\" \/>\n<meta name=\"twitter:label1\" content=\"Est. reading time\" \/>\n\t<meta name=\"twitter:data1\" content=\"1 minute\" \/>\n<script type=\"application\/ld+json\" class=\"yoast-schema-graph\">{\"@context\":\"https:\\\/\\\/schema.org\",\"@graph\":[{\"@type\":\"WebPage\",\"@id\":\"https:\\\/\\\/www.radicicarpet.it\\\/fr\\\/produits\\\/axminster\\\/\",\"url\":\"https:\\\/\\\/www.radicicarpet.it\\\/fr\\\/produits\\\/axminster\\\/\",\"name\":\"Axminster: Moquette Personnalisable | Radici\",\"isPartOf\":{\"@id\":\"https:\\\/\\\/www.radicicarpet.it\\\/fr\\\/#website\"},\"primaryImageOfPage\":{\"@id\":\"https:\\\/\\\/www.radicicarpet.it\\\/fr\\\/produits\\\/axminster\\\/#primaryimage\"},\"image\":{\"@id\":\"https:\\\/\\\/www.radicicarpet.it\\\/fr\\\/produits\\\/axminster\\\/#primaryimage\"},\"thumbnailUrl\":\"https:\\\/\\\/www.radicicarpet.it\\\/app\\\/uploads\\\/2023\\\/10\\\/0_copertina-1.webp\",\"datePublished\":\"2023-10-10T10:36:58+00:00\",\"dateModified\":\"2025-05-13T05:29:48+00:00\",\"description\":\"D\u00e9couvrez Axminster, une moquette avec une base pr\u00e9cieuse en laine et polyamide, id\u00e9ale pour les chambres \u00e0 coucher et les espaces publics.\",\"breadcrumb\":{\"@id\":\"https:\\\/\\\/www.radicicarpet.it\\\/fr\\\/produits\\\/axminster\\\/#breadcrumb\"},\"inLanguage\":\"fr-FR\",\"potentialAction\":[{\"@type\":\"ReadAction\",\"target\":[\"https:\\\/\\\/www.radicicarpet.it\\\/fr\\\/produits\\\/axminster\\\/\"]}]},{\"@type\":\"ImageObject\",\"inLanguage\":\"fr-FR\",\"@id\":\"https:\\\/\\\/www.radicicarpet.it\\\/fr\\\/produits\\\/axminster\\\/#primaryimage\",\"url\":\"https:\\\/\\\/www.radicicarpet.it\\\/app\\\/uploads\\\/2023\\\/10\\\/0_copertina-1.webp\",\"contentUrl\":\"https:\\\/\\\/www.radicicarpet.it\\\/app\\\/uploads\\\/2023\\\/10\\\/0_copertina-1.webp\",\"width\":816,\"height\":816},{\"@type\":\"BreadcrumbList\",\"@id\":\"https:\\\/\\\/www.radicicarpet.it\\\/fr\\\/produits\\\/axminster\\\/#breadcrumb\",\"itemListElement\":[{\"@type\":\"ListItem\",\"position\":1,\"name\":\"Home\",\"item\":\"https:\\\/\\\/www.radicicarpet.it\\\/fr\\\/\"},{\"@type\":\"ListItem\",\"position\":2,\"name\":\"Produits\",\"item\":\"https:\\\/\\\/www.radicicarpet.it\\\/fr\\\/produits\\\/\"},{\"@type\":\"ListItem\",\"position\":3,\"name\":\"Axminster\"}]},{\"@type\":\"WebSite\",\"@id\":\"https:\\\/\\\/www.radicicarpet.it\\\/fr\\\/#website\",\"url\":\"https:\\\/\\\/www.radicicarpet.it\\\/fr\\\/\",\"name\":\"Radici Moquette\",\"description\":\"\",\"potentialAction\":[{\"@type\":\"SearchAction\",\"target\":{\"@type\":\"EntryPoint\",\"urlTemplate\":\"https:\\\/\\\/www.radicicarpet.it\\\/fr\\\/?s={search_term_string}\"},\"query-input\":{\"@type\":\"PropertyValueSpecification\",\"valueRequired\":true,\"valueName\":\"search_term_string\"}}],\"inLanguage\":\"fr-FR\"}]}<\/script>\n<!-- \/ Yoast SEO plugin. -->","yoast_head_json":{"title":"Axminster: Moquette Personnalisable | Radici","description":"D\u00e9couvrez Axminster, une moquette avec une base pr\u00e9cieuse en laine et polyamide, id\u00e9ale pour les chambres \u00e0 coucher et les espaces publics.","robots":{"index":"index","follow":"follow","max-snippet":"max-snippet:-1","max-image-preview":"max-image-preview:large","max-video-preview":"max-video-preview:-1"},"canonical":"https:\/\/www.radicicarpet.it\/fr\/produits\/axminster\/","og_locale":"fr_FR","og_type":"article","og_title":"Axminster: Moquette Personnalisable | Radici","og_description":"D\u00e9couvrez Axminster, une moquette avec une base pr\u00e9cieuse en laine et polyamide, id\u00e9ale pour les chambres \u00e0 coucher et les espaces publics.","og_url":"https:\/\/www.radicicarpet.it\/fr\/produits\/axminster\/","og_site_name":"Radici","article_modified_time":"2025-05-13T05:29:48+00:00","og_image":[{"width":816,"height":816,"url":"https:\/\/www.radicicarpet.it\/app\/uploads\/2023\/10\/0_copertina-1.webp","type":"image\/webp"}],"twitter_card":"summary_large_image","twitter_misc":{"Est. reading time":"1 minute"},"schema":{"@context":"https:\/\/schema.org","@graph":[{"@type":"WebPage","@id":"https:\/\/www.radicicarpet.it\/fr\/produits\/axminster\/","url":"https:\/\/www.radicicarpet.it\/fr\/produits\/axminster\/","name":"Axminster: Moquette Personnalisable | Radici","isPartOf":{"@id":"https:\/\/www.radicicarpet.it\/fr\/#website"},"primaryImageOfPage":{"@id":"https:\/\/www.radicicarpet.it\/fr\/produits\/axminster\/#primaryimage"},"image":{"@id":"https:\/\/www.radicicarpet.it\/fr\/produits\/axminster\/#primaryimage"},"thumbnailUrl":"https:\/\/www.radicicarpet.it\/app\/uploads\/2023\/10\/0_copertina-1.webp","datePublished":"2023-10-10T10:36:58+00:00","dateModified":"2025-05-13T05:29:48+00:00","description":"D\u00e9couvrez Axminster, une moquette avec une base pr\u00e9cieuse en laine et polyamide, id\u00e9ale pour les chambres \u00e0 coucher et les espaces publics.","breadcrumb":{"@id":"https:\/\/www.radicicarpet.it\/fr\/produits\/axminster\/#breadcrumb"},"inLanguage":"fr-FR","potentialAction":[{"@type":"ReadAction","target":["https:\/\/www.radicicarpet.it\/fr\/produits\/axminster\/"]}]},{"@type":"ImageObject","inLanguage":"fr-FR","@id":"https:\/\/www.radicicarpet.it\/fr\/produits\/axminster\/#primaryimage","url":"https:\/\/www.radicicarpet.it\/app\/uploads\/2023\/10\/0_copertina-1.webp","contentUrl":"https:\/\/www.radicicarpet.it\/app\/uploads\/2023\/10\/0_copertina-1.webp","width":816,"height":816},{"@type":"BreadcrumbList","@id":"https:\/\/www.radicicarpet.it\/fr\/produits\/axminster\/#breadcrumb","itemListElement":[{"@type":"ListItem","position":1,"name":"Home","item":"https:\/\/www.radicicarpet.it\/fr\/"},{"@type":"ListItem","position":2,"name":"Produits","item":"https:\/\/www.radicicarpet.it\/fr\/produits\/"},{"@type":"ListItem","position":3,"name":"Axminster"}]},{"@type":"WebSite","@id":"https:\/\/www.radicicarpet.it\/fr\/#website","url":"https:\/\/www.radicicarpet.it\/fr\/","name":"Radici Moquette","description":"","potentialAction":[{"@type":"SearchAction","target":{"@type":"EntryPoint","urlTemplate":"https:\/\/www.radicicarpet.it\/fr\/?s={search_term_string}"},"query-input":{"@type":"PropertyValueSpecification","valueRequired":true,"valueName":"search_term_string"}}],"inLanguage":"fr-FR"}]}},"_links":{"self":[{"href":"https:\/\/www.radicicarpet.it\/fr\/wp-json\/wp\/v2\/prodotti\/10289","targetHints":{"allow":["GET"]}}],"collection":[{"href":"https:\/\/www.radicicarpet.it\/fr\/wp-json\/wp\/v2\/prodotti"}],"about":[{"href":"https:\/\/www.radicicarpet.it\/fr\/wp-json\/wp\/v2\/types\/prodotti"}],"wp:featuredmedia":[{"embeddable":true,"href":"https:\/\/www.radicicarpet.it\/fr\/wp-json\/wp\/v2\/media\/10291"}],"wp:attachment":[{"href":"https:\/\/www.radicicarpet.it\/fr\/wp-json\/wp\/v2\/media?parent=10289"}],"wp:term":[{"taxonomy":"costruzione","embeddable":true,"href":"https:\/\/www.radicicarpet.it\/fr\/wp-json\/wp\/v2\/costruzione?post=10289"},{"taxonomy":"composizione","embeddable":true,"href":"https:\/\/www.radicicarpet.it\/fr\/wp-json\/wp\/v2\/composizione?post=10289"},{"taxonomy":"colore","embeddable":true,"href":"https:\/\/www.radicicarpet.it\/fr\/wp-json\/wp\/v2\/colore?post=10289"},{"taxonomy":"tipologia","embeddable":true,"href":"https:\/\/www.radicicarpet.it\/fr\/wp-json\/wp\/v2\/tipologia?post=10289"},{"taxonomy":"resistenza","embeddable":true,"href":"https:\/\/www.radicicarpet.it\/fr\/wp-json\/wp\/v2\/resistenza?post=10289"},{"taxonomy":"sottocategorie-prodotti","embeddable":true,"href":"https:\/\/www.radicicarpet.it\/fr\/wp-json\/wp\/v2\/sottocategorie-prodotti?post=10289"},{"taxonomy":"categorie-prodotti","embeddable":true,"href":"https:\/\/www.radicicarpet.it\/fr\/wp-json\/wp\/v2\/categorie-prodotti?post=10289"}],"curies":[{"name":"wp","href":"https:\/\/api.w.org\/{rel}","templated":true}]}}

<!-- This site is optimized with the Yoast SEO plugin v27.5 - https://yoast.com/product/yoast-seo-wordpress/ -->
<title>Axminster: Moquette Personnalisable | Radici</title>
<meta name="description" content="Découvrez Axminster, une moquette avec une base précieuse en laine et polyamide, idéale pour les chambres à coucher et les espaces publics." />
<meta name="robots" content="index, follow, max-snippet:-1, max-image-preview:large, max-video-preview:-1" />
<link rel="canonical" href="https://www.radicicarpet.it/fr/produits/axminster/" />
<meta property="og:locale" content="fr_FR" />
<meta property="og:type" content="article" />
<meta property="og:title" content="Axminster: Moquette Personnalisable | Radici" />
<meta property="og:description" content="Découvrez Axminster, une moquette avec une base précieuse en laine et polyamide, idéale pour les chambres à coucher et les espaces publics." />
<meta property="og:url" content="https://www.radicicarpet.it/fr/produits/axminster/" />
<meta property="og:site_name" content="Radici" />
<meta property="article:modified_time" content="2025-05-13T05:29:48+00:00" />
<meta property="og:image" content="https://www.radicicarpet.it/app/uploads/2023/10/0_copertina-1.webp" />
	<meta property="og:image:width" content="816" />
	<meta property="og:image:height" content="816" />
	<meta property="og:image:type" content="image/webp" />
<meta name="twitter:card" content="summary_large_image" />
<meta name="twitter:label1" content="Est. reading time" />
	<meta name="twitter:data1" content="1 minute" />
<script type="application/ld+json" class="yoast-schema-graph">{"@context":"https:\/\/schema.org","@graph":[{"@type":"WebPage","@id":"https:\/\/www.radicicarpet.it\/fr\/produits\/axminster\/","url":"https:\/\/www.radicicarpet.it\/fr\/produits\/axminster\/","name":"Axminster: Moquette Personnalisable | Radici","isPartOf":{"@id":"https:\/\/www.radicicarpet.it\/fr\/#website"},"primaryImageOfPage":{"@id":"https:\/\/www.radicicarpet.it\/fr\/produits\/axminster\/#primaryimage"},"image":{"@id":"https:\/\/www.radicicarpet.it\/fr\/produits\/axminster\/#primaryimage"},"thumbnailUrl":"https:\/\/www.radicicarpet.it\/app\/uploads\/2023\/10\/0_copertina-1.webp","datePublished":"2023-10-10T10:36:58+00:00","dateModified":"2025-05-13T05:29:48+00:00","description":"Découvrez Axminster, une moquette avec une base précieuse en laine et polyamide, idéale pour les chambres à coucher et les espaces publics.","breadcrumb":{"@id":"https:\/\/www.radicicarpet.it\/fr\/produits\/axminster\/#breadcrumb"},"inLanguage":"fr-FR","potentialAction":[{"@type":"ReadAction","target":["https:\/\/www.radicicarpet.it\/fr\/produits\/axminster\/"]}]},{"@type":"ImageObject","inLanguage":"fr-FR","@id":"https:\/\/www.radicicarpet.it\/fr\/produits\/axminster\/#primaryimage","url":"https:\/\/www.radicicarpet.it\/app\/uploads\/2023\/10\/0_copertina-1.webp","contentUrl":"https:\/\/www.radicicarpet.it\/app\/uploads\/2023\/10\/0_copertina-1.webp","width":816,"height":816},{"@type":"BreadcrumbList","@id":"https:\/\/www.radicicarpet.it\/fr\/produits\/axminster\/#breadcrumb","itemListElement":[{"@type":"ListItem","position":1,"name":"Home","item":"https:\/\/www.radicicarpet.it\/fr\/"},{"@type":"ListItem","position":2,"name":"Produits","item":"https:\/\/www.radicicarpet.it\/fr\/produits\/"},{"@type":"ListItem","position":3,"name":"Axminster"}]},{"@type":"WebSite","@id":"https:\/\/www.radicicarpet.it\/fr\/#website","url":"https:\/\/www.radicicarpet.it\/fr\/","name":"Radici Moquette","description":"","potentialAction":[{"@type":"SearchAction","target":{"@type":"EntryPoint","urlTemplate":"https:\/\/www.radicicarpet.it\/fr\/?s={search_term_string}"},"query-input":{"@type":"PropertyValueSpecification","valueRequired":true,"valueName":"search_term_string"}}],"inLanguage":"fr-FR"}]}</script>
<!-- / Yoast SEO plugin. -->

Découvrez Axminster, une moquette avec une base précieuse en laine et polyamide, idéale pour les chambres à coucher et les espaces publics.
