{"id":10133,"date":"2023-10-27T17:02:59","date_gmt":"2023-10-27T15:02:59","guid":{"rendered":"https:\/\/www.radicicarpet.it\/prodotti\/outdoor\/"},"modified":"2026-03-03T11:37:13","modified_gmt":"2026-03-03T10:37:13","slug":"outdoor","status":"publish","type":"prodotti","link":"https:\/\/www.radicicarpet.it\/fr\/produits\/outdoor\/","title":{"rendered":"Outdoor"},"content":{"rendered":"","protected":false},"excerpt":{"rendered":"","protected":false},"featured_media":10135,"template":"","costruzione":[1813],"composizione":[1814],"colore":[2728,1815,1819,1823,4803],"tipologia":[1737],"resistenza":[1795],"sottocategorie-prodotti":[1827],"categorie-prodotti":[1797,1828],"class_list":["post-10133","prodotti","type-prodotti","status-publish","has-post-thumbnail","hentry","costruzione-tufting-fr","composizione-100-polypropylene","colore-002_beige-fr","colore-eden-corda-fr-2","colore-iris-corda-fr-2","colore-oasi-corda-fr-2","colore-reef-corda","tipologia-boucle","resistenza-extreme-fr","sottocategorie-prodotti-collections-fr","categorie-prodotti-contract-fr-2","categorie-prodotti-residentiel"],"acf":[],"yoast_head":"<!-- This site is optimized with the Yoast SEO plugin v27.5 - https:\/\/yoast.com\/product\/yoast-seo-wordpress\/ -->\n<title>Outdoor: Moquette d&#039;ext\u00e9rieur | Radici<\/title>\n<meta name=\"description\" content=\"D\u00e9couvrez la collection Outdoor : moquette d&#039;ext\u00e9rieur en polypropyl\u00e8ne r\u00e9sistant \u00e0 l&#039;eau, avec des designs personnalisables et disponible en trois styles distincts.\" \/>\n<meta name=\"robots\" content=\"index, follow, max-snippet:-1, max-image-preview:large, max-video-preview:-1\" \/>\n<link rel=\"canonical\" href=\"https:\/\/www.radicicarpet.it\/fr\/produits\/outdoor\/\" \/>\n<meta property=\"og:locale\" content=\"fr_FR\" \/>\n<meta property=\"og:type\" content=\"article\" \/>\n<meta property=\"og:title\" content=\"Outdoor: Moquette d&#039;ext\u00e9rieur | Radici\" \/>\n<meta property=\"og:description\" content=\"D\u00e9couvrez la collection Outdoor : moquette d&#039;ext\u00e9rieur en polypropyl\u00e8ne r\u00e9sistant \u00e0 l&#039;eau, avec des designs personnalisables et disponible en trois styles distincts.\" \/>\n<meta property=\"og:url\" content=\"https:\/\/www.radicicarpet.it\/fr\/produits\/outdoor\/\" \/>\n<meta property=\"og:site_name\" content=\"Radici\" \/>\n<meta property=\"article:modified_time\" content=\"2026-03-03T10:37:13+00:00\" \/>\n<meta property=\"og:image\" content=\"https:\/\/www.radicicarpet.it\/app\/uploads\/2023\/10\/Copertina_Outdoor_Oasi_3.webp\" \/>\n\t<meta property=\"og:image:width\" content=\"816\" \/>\n\t<meta property=\"og:image:height\" content=\"816\" \/>\n\t<meta property=\"og:image:type\" content=\"image\/webp\" \/>\n<meta name=\"twitter:card\" content=\"summary_large_image\" \/>\n<meta name=\"twitter:label1\" content=\"Est. reading time\" \/>\n\t<meta name=\"twitter:data1\" content=\"1 minute\" \/>\n<script type=\"application\/ld+json\" class=\"yoast-schema-graph\">{\"@context\":\"https:\\\/\\\/schema.org\",\"@graph\":[{\"@type\":\"WebPage\",\"@id\":\"https:\\\/\\\/www.radicicarpet.it\\\/fr\\\/produits\\\/outdoor\\\/\",\"url\":\"https:\\\/\\\/www.radicicarpet.it\\\/fr\\\/produits\\\/outdoor\\\/\",\"name\":\"Outdoor: Moquette d'ext\u00e9rieur | Radici\",\"isPartOf\":{\"@id\":\"https:\\\/\\\/www.radicicarpet.it\\\/fr\\\/#website\"},\"primaryImageOfPage\":{\"@id\":\"https:\\\/\\\/www.radicicarpet.it\\\/fr\\\/produits\\\/outdoor\\\/#primaryimage\"},\"image\":{\"@id\":\"https:\\\/\\\/www.radicicarpet.it\\\/fr\\\/produits\\\/outdoor\\\/#primaryimage\"},\"thumbnailUrl\":\"https:\\\/\\\/www.radicicarpet.it\\\/app\\\/uploads\\\/2023\\\/10\\\/Copertina_Outdoor_Oasi_3.webp\",\"datePublished\":\"2023-10-27T15:02:59+00:00\",\"dateModified\":\"2026-03-03T10:37:13+00:00\",\"description\":\"D\u00e9couvrez la collection Outdoor : moquette d'ext\u00e9rieur en polypropyl\u00e8ne r\u00e9sistant \u00e0 l'eau, avec des designs personnalisables et disponible en trois styles distincts.\",\"breadcrumb\":{\"@id\":\"https:\\\/\\\/www.radicicarpet.it\\\/fr\\\/produits\\\/outdoor\\\/#breadcrumb\"},\"inLanguage\":\"fr-FR\",\"potentialAction\":[{\"@type\":\"ReadAction\",\"target\":[\"https:\\\/\\\/www.radicicarpet.it\\\/fr\\\/produits\\\/outdoor\\\/\"]}]},{\"@type\":\"ImageObject\",\"inLanguage\":\"fr-FR\",\"@id\":\"https:\\\/\\\/www.radicicarpet.it\\\/fr\\\/produits\\\/outdoor\\\/#primaryimage\",\"url\":\"https:\\\/\\\/www.radicicarpet.it\\\/app\\\/uploads\\\/2023\\\/10\\\/Copertina_Outdoor_Oasi_3.webp\",\"contentUrl\":\"https:\\\/\\\/www.radicicarpet.it\\\/app\\\/uploads\\\/2023\\\/10\\\/Copertina_Outdoor_Oasi_3.webp\",\"width\":816,\"height\":816},{\"@type\":\"BreadcrumbList\",\"@id\":\"https:\\\/\\\/www.radicicarpet.it\\\/fr\\\/produits\\\/outdoor\\\/#breadcrumb\",\"itemListElement\":[{\"@type\":\"ListItem\",\"position\":1,\"name\":\"Home\",\"item\":\"https:\\\/\\\/www.radicicarpet.it\\\/fr\\\/\"},{\"@type\":\"ListItem\",\"position\":2,\"name\":\"Produits\",\"item\":\"https:\\\/\\\/www.radicicarpet.it\\\/fr\\\/produits\\\/\"},{\"@type\":\"ListItem\",\"position\":3,\"name\":\"Outdoor\"}]},{\"@type\":\"WebSite\",\"@id\":\"https:\\\/\\\/www.radicicarpet.it\\\/fr\\\/#website\",\"url\":\"https:\\\/\\\/www.radicicarpet.it\\\/fr\\\/\",\"name\":\"Radici Moquette\",\"description\":\"\",\"potentialAction\":[{\"@type\":\"SearchAction\",\"target\":{\"@type\":\"EntryPoint\",\"urlTemplate\":\"https:\\\/\\\/www.radicicarpet.it\\\/fr\\\/?s={search_term_string}\"},\"query-input\":{\"@type\":\"PropertyValueSpecification\",\"valueRequired\":true,\"valueName\":\"search_term_string\"}}],\"inLanguage\":\"fr-FR\"}]}<\/script>\n<!-- \/ Yoast SEO plugin. -->","yoast_head_json":{"title":"Outdoor: Moquette d'ext\u00e9rieur | Radici","description":"D\u00e9couvrez la collection Outdoor : moquette d'ext\u00e9rieur en polypropyl\u00e8ne r\u00e9sistant \u00e0 l'eau, avec des designs personnalisables et disponible en trois styles distincts.","robots":{"index":"index","follow":"follow","max-snippet":"max-snippet:-1","max-image-preview":"max-image-preview:large","max-video-preview":"max-video-preview:-1"},"canonical":"https:\/\/www.radicicarpet.it\/fr\/produits\/outdoor\/","og_locale":"fr_FR","og_type":"article","og_title":"Outdoor: Moquette d'ext\u00e9rieur | Radici","og_description":"D\u00e9couvrez la collection Outdoor : moquette d'ext\u00e9rieur en polypropyl\u00e8ne r\u00e9sistant \u00e0 l'eau, avec des designs personnalisables et disponible en trois styles distincts.","og_url":"https:\/\/www.radicicarpet.it\/fr\/produits\/outdoor\/","og_site_name":"Radici","article_modified_time":"2026-03-03T10:37:13+00:00","og_image":[{"width":816,"height":816,"url":"https:\/\/www.radicicarpet.it\/app\/uploads\/2023\/10\/Copertina_Outdoor_Oasi_3.webp","type":"image\/webp"}],"twitter_card":"summary_large_image","twitter_misc":{"Est. reading time":"1 minute"},"schema":{"@context":"https:\/\/schema.org","@graph":[{"@type":"WebPage","@id":"https:\/\/www.radicicarpet.it\/fr\/produits\/outdoor\/","url":"https:\/\/www.radicicarpet.it\/fr\/produits\/outdoor\/","name":"Outdoor: Moquette d'ext\u00e9rieur | Radici","isPartOf":{"@id":"https:\/\/www.radicicarpet.it\/fr\/#website"},"primaryImageOfPage":{"@id":"https:\/\/www.radicicarpet.it\/fr\/produits\/outdoor\/#primaryimage"},"image":{"@id":"https:\/\/www.radicicarpet.it\/fr\/produits\/outdoor\/#primaryimage"},"thumbnailUrl":"https:\/\/www.radicicarpet.it\/app\/uploads\/2023\/10\/Copertina_Outdoor_Oasi_3.webp","datePublished":"2023-10-27T15:02:59+00:00","dateModified":"2026-03-03T10:37:13+00:00","description":"D\u00e9couvrez la collection Outdoor : moquette d'ext\u00e9rieur en polypropyl\u00e8ne r\u00e9sistant \u00e0 l'eau, avec des designs personnalisables et disponible en trois styles distincts.","breadcrumb":{"@id":"https:\/\/www.radicicarpet.it\/fr\/produits\/outdoor\/#breadcrumb"},"inLanguage":"fr-FR","potentialAction":[{"@type":"ReadAction","target":["https:\/\/www.radicicarpet.it\/fr\/produits\/outdoor\/"]}]},{"@type":"ImageObject","inLanguage":"fr-FR","@id":"https:\/\/www.radicicarpet.it\/fr\/produits\/outdoor\/#primaryimage","url":"https:\/\/www.radicicarpet.it\/app\/uploads\/2023\/10\/Copertina_Outdoor_Oasi_3.webp","contentUrl":"https:\/\/www.radicicarpet.it\/app\/uploads\/2023\/10\/Copertina_Outdoor_Oasi_3.webp","width":816,"height":816},{"@type":"BreadcrumbList","@id":"https:\/\/www.radicicarpet.it\/fr\/produits\/outdoor\/#breadcrumb","itemListElement":[{"@type":"ListItem","position":1,"name":"Home","item":"https:\/\/www.radicicarpet.it\/fr\/"},{"@type":"ListItem","position":2,"name":"Produits","item":"https:\/\/www.radicicarpet.it\/fr\/produits\/"},{"@type":"ListItem","position":3,"name":"Outdoor"}]},{"@type":"WebSite","@id":"https:\/\/www.radicicarpet.it\/fr\/#website","url":"https:\/\/www.radicicarpet.it\/fr\/","name":"Radici Moquette","description":"","potentialAction":[{"@type":"SearchAction","target":{"@type":"EntryPoint","urlTemplate":"https:\/\/www.radicicarpet.it\/fr\/?s={search_term_string}"},"query-input":{"@type":"PropertyValueSpecification","valueRequired":true,"valueName":"search_term_string"}}],"inLanguage":"fr-FR"}]}},"_links":{"self":[{"href":"https:\/\/www.radicicarpet.it\/fr\/wp-json\/wp\/v2\/prodotti\/10133","targetHints":{"allow":["GET"]}}],"collection":[{"href":"https:\/\/www.radicicarpet.it\/fr\/wp-json\/wp\/v2\/prodotti"}],"about":[{"href":"https:\/\/www.radicicarpet.it\/fr\/wp-json\/wp\/v2\/types\/prodotti"}],"wp:featuredmedia":[{"embeddable":true,"href":"https:\/\/www.radicicarpet.it\/fr\/wp-json\/wp\/v2\/media\/10135"}],"wp:attachment":[{"href":"https:\/\/www.radicicarpet.it\/fr\/wp-json\/wp\/v2\/media?parent=10133"}],"wp:term":[{"taxonomy":"costruzione","embeddable":true,"href":"https:\/\/www.radicicarpet.it\/fr\/wp-json\/wp\/v2\/costruzione?post=10133"},{"taxonomy":"composizione","embeddable":true,"href":"https:\/\/www.radicicarpet.it\/fr\/wp-json\/wp\/v2\/composizione?post=10133"},{"taxonomy":"colore","embeddable":true,"href":"https:\/\/www.radicicarpet.it\/fr\/wp-json\/wp\/v2\/colore?post=10133"},{"taxonomy":"tipologia","embeddable":true,"href":"https:\/\/www.radicicarpet.it\/fr\/wp-json\/wp\/v2\/tipologia?post=10133"},{"taxonomy":"resistenza","embeddable":true,"href":"https:\/\/www.radicicarpet.it\/fr\/wp-json\/wp\/v2\/resistenza?post=10133"},{"taxonomy":"sottocategorie-prodotti","embeddable":true,"href":"https:\/\/www.radicicarpet.it\/fr\/wp-json\/wp\/v2\/sottocategorie-prodotti?post=10133"},{"taxonomy":"categorie-prodotti","embeddable":true,"href":"https:\/\/www.radicicarpet.it\/fr\/wp-json\/wp\/v2\/categorie-prodotti?post=10133"}],"curies":[{"name":"wp","href":"https:\/\/api.w.org\/{rel}","templated":true}]}}

<!-- This site is optimized with the Yoast SEO plugin v27.5 - https://yoast.com/product/yoast-seo-wordpress/ -->
<title>Outdoor: Moquette d&#039;extérieur | Radici</title>
<meta name="description" content="Découvrez la collection Outdoor : moquette d&#039;extérieur en polypropylène résistant à l&#039;eau, avec des designs personnalisables et disponible en trois styles distincts." />
<meta name="robots" content="index, follow, max-snippet:-1, max-image-preview:large, max-video-preview:-1" />
<link rel="canonical" href="https://www.radicicarpet.it/fr/produits/outdoor/" />
<meta property="og:locale" content="fr_FR" />
<meta property="og:type" content="article" />
<meta property="og:title" content="Outdoor: Moquette d&#039;extérieur | Radici" />
<meta property="og:description" content="Découvrez la collection Outdoor : moquette d&#039;extérieur en polypropylène résistant à l&#039;eau, avec des designs personnalisables et disponible en trois styles distincts." />
<meta property="og:url" content="https://www.radicicarpet.it/fr/produits/outdoor/" />
<meta property="og:site_name" content="Radici" />
<meta property="article:modified_time" content="2026-03-03T10:37:13+00:00" />
<meta property="og:image" content="https://www.radicicarpet.it/app/uploads/2023/10/Copertina_Outdoor_Oasi_3.webp" />
	<meta property="og:image:width" content="816" />
	<meta property="og:image:height" content="816" />
	<meta property="og:image:type" content="image/webp" />
<meta name="twitter:card" content="summary_large_image" />
<meta name="twitter:label1" content="Est. reading time" />
	<meta name="twitter:data1" content="1 minute" />
<script type="application/ld+json" class="yoast-schema-graph">{"@context":"https:\/\/schema.org","@graph":[{"@type":"WebPage","@id":"https:\/\/www.radicicarpet.it\/fr\/produits\/outdoor\/","url":"https:\/\/www.radicicarpet.it\/fr\/produits\/outdoor\/","name":"Outdoor: Moquette d'extérieur | Radici","isPartOf":{"@id":"https:\/\/www.radicicarpet.it\/fr\/#website"},"primaryImageOfPage":{"@id":"https:\/\/www.radicicarpet.it\/fr\/produits\/outdoor\/#primaryimage"},"image":{"@id":"https:\/\/www.radicicarpet.it\/fr\/produits\/outdoor\/#primaryimage"},"thumbnailUrl":"https:\/\/www.radicicarpet.it\/app\/uploads\/2023\/10\/Copertina_Outdoor_Oasi_3.webp","datePublished":"2023-10-27T15:02:59+00:00","dateModified":"2026-03-03T10:37:13+00:00","description":"Découvrez la collection Outdoor : moquette d'extérieur en polypropylène résistant à l'eau, avec des designs personnalisables et disponible en trois styles distincts.","breadcrumb":{"@id":"https:\/\/www.radicicarpet.it\/fr\/produits\/outdoor\/#breadcrumb"},"inLanguage":"fr-FR","potentialAction":[{"@type":"ReadAction","target":["https:\/\/www.radicicarpet.it\/fr\/produits\/outdoor\/"]}]},{"@type":"ImageObject","inLanguage":"fr-FR","@id":"https:\/\/www.radicicarpet.it\/fr\/produits\/outdoor\/#primaryimage","url":"https:\/\/www.radicicarpet.it\/app\/uploads\/2023\/10\/Copertina_Outdoor_Oasi_3.webp","contentUrl":"https:\/\/www.radicicarpet.it\/app\/uploads\/2023\/10\/Copertina_Outdoor_Oasi_3.webp","width":816,"height":816},{"@type":"BreadcrumbList","@id":"https:\/\/www.radicicarpet.it\/fr\/produits\/outdoor\/#breadcrumb","itemListElement":[{"@type":"ListItem","position":1,"name":"Home","item":"https:\/\/www.radicicarpet.it\/fr\/"},{"@type":"ListItem","position":2,"name":"Produits","item":"https:\/\/www.radicicarpet.it\/fr\/produits\/"},{"@type":"ListItem","position":3,"name":"Outdoor"}]},{"@type":"WebSite","@id":"https:\/\/www.radicicarpet.it\/fr\/#website","url":"https:\/\/www.radicicarpet.it\/fr\/","name":"Radici Moquette","description":"","potentialAction":[{"@type":"SearchAction","target":{"@type":"EntryPoint","urlTemplate":"https:\/\/www.radicicarpet.it\/fr\/?s={search_term_string}"},"query-input":{"@type":"PropertyValueSpecification","valueRequired":true,"valueName":"search_term_string"}}],"inLanguage":"fr-FR"}]}</script>
<!-- / Yoast SEO plugin. -->

Outdoor: Moquette d'extérieur | Radici

Découvrez la collection Outdoor : moquette d'extérieur en polypropylène résistant à l'eau, avec des designs personnalisables et disponible en trois styles distincts.
