{"id":12087,"date":"2023-09-19T14:33:50","date_gmt":"2023-09-19T12:33:50","guid":{"rendered":"https:\/\/www.radicicarpet.it\/campionari\/"},"modified":"2026-02-16T17:24:56","modified_gmt":"2026-02-16T16:24:56","slug":"catalogue-dechantillons","status":"publish","type":"page","link":"https:\/\/www.radicicarpet.it\/fr\/catalogue-dechantillons\/","title":{"rendered":"Catalogue d\u2019\u00e9chantillons"},"content":{"rendered":"","protected":false},"excerpt":{"rendered":"","protected":false},"author":2,"featured_media":0,"parent":0,"menu_order":0,"comment_status":"closed","ping_status":"closed","template":"template-cataloghi.blade.php","meta":{"_acf_changed":false,"inline_featured_image":false,"footnotes":""},"class_list":["post-12087","page","type-page","status-publish","hentry"],"acf":[],"yoast_head":"<!-- This site is optimized with the Yoast SEO plugin v27.5 - https:\/\/yoast.com\/product\/yoast-seo-wordpress\/ -->\n<title>Catalogue d\u2019\u00e9chantillons Prodotti | Radici<\/title>\n<meta name=\"description\" content=\"Explorez une s\u00e9lection de nos produits regroup\u00e9s dans des \u00e9chantillons et laissez-vous inspirer par les diff\u00e9rents styles pour votre ameublement. En savoir plus !\" \/>\n<meta name=\"robots\" content=\"index, follow, max-snippet:-1, max-image-preview:large, max-video-preview:-1\" \/>\n<link rel=\"canonical\" href=\"https:\/\/www.radicicarpet.it\/fr\/catalogue-dechantillons\/\" \/>\n<meta property=\"og:locale\" content=\"fr_FR\" \/>\n<meta property=\"og:type\" content=\"article\" \/>\n<meta property=\"og:title\" content=\"Catalogue d\u2019\u00e9chantillons Prodotti | Radici\" \/>\n<meta property=\"og:description\" content=\"Explorez une s\u00e9lection de nos produits regroup\u00e9s dans des \u00e9chantillons et laissez-vous inspirer par les diff\u00e9rents styles pour votre ameublement. En savoir plus !\" \/>\n<meta property=\"og:url\" content=\"https:\/\/www.radicicarpet.it\/fr\/catalogue-dechantillons\/\" \/>\n<meta property=\"og:site_name\" content=\"Radici\" \/>\n<meta property=\"article:modified_time\" content=\"2026-02-16T16:24:56+00:00\" \/>\n<meta property=\"og:image\" content=\"https:\/\/www.radicicarpet.it\/app\/uploads\/2023\/10\/radici_website_preview.jpg\" \/>\n\t<meta property=\"og:image:width\" content=\"1201\" \/>\n\t<meta property=\"og:image:height\" content=\"628\" \/>\n\t<meta property=\"og:image:type\" content=\"image\/jpeg\" \/>\n<meta name=\"twitter:card\" content=\"summary_large_image\" \/>\n<script type=\"application\/ld+json\" class=\"yoast-schema-graph\">{\"@context\":\"https:\\\/\\\/schema.org\",\"@graph\":[{\"@type\":\"WebPage\",\"@id\":\"https:\\\/\\\/www.radicicarpet.it\\\/fr\\\/catalogue-dechantillons\\\/\",\"url\":\"https:\\\/\\\/www.radicicarpet.it\\\/fr\\\/catalogue-dechantillons\\\/\",\"name\":\"Catalogue d\u2019\u00e9chantillons Prodotti | Radici\",\"isPartOf\":{\"@id\":\"https:\\\/\\\/www.radicicarpet.it\\\/fr\\\/#website\"},\"datePublished\":\"2023-09-19T12:33:50+00:00\",\"dateModified\":\"2026-02-16T16:24:56+00:00\",\"description\":\"Explorez une s\u00e9lection de nos produits regroup\u00e9s dans des \u00e9chantillons et laissez-vous inspirer par les diff\u00e9rents styles pour votre ameublement. En savoir plus !\",\"breadcrumb\":{\"@id\":\"https:\\\/\\\/www.radicicarpet.it\\\/fr\\\/catalogue-dechantillons\\\/#breadcrumb\"},\"inLanguage\":\"fr-FR\",\"potentialAction\":[{\"@type\":\"ReadAction\",\"target\":[\"https:\\\/\\\/www.radicicarpet.it\\\/fr\\\/catalogue-dechantillons\\\/\"]}]},{\"@type\":\"BreadcrumbList\",\"@id\":\"https:\\\/\\\/www.radicicarpet.it\\\/fr\\\/catalogue-dechantillons\\\/#breadcrumb\",\"itemListElement\":[{\"@type\":\"ListItem\",\"position\":1,\"name\":\"Home\",\"item\":\"https:\\\/\\\/www.radicicarpet.it\\\/fr\\\/\"},{\"@type\":\"ListItem\",\"position\":2,\"name\":\"Catalogue d\u2019\u00e9chantillons\"}]},{\"@type\":\"WebSite\",\"@id\":\"https:\\\/\\\/www.radicicarpet.it\\\/fr\\\/#website\",\"url\":\"https:\\\/\\\/www.radicicarpet.it\\\/fr\\\/\",\"name\":\"Radici Moquette\",\"description\":\"\",\"potentialAction\":[{\"@type\":\"SearchAction\",\"target\":{\"@type\":\"EntryPoint\",\"urlTemplate\":\"https:\\\/\\\/www.radicicarpet.it\\\/fr\\\/?s={search_term_string}\"},\"query-input\":{\"@type\":\"PropertyValueSpecification\",\"valueRequired\":true,\"valueName\":\"search_term_string\"}}],\"inLanguage\":\"fr-FR\"}]}<\/script>\n<!-- \/ Yoast SEO plugin. -->","yoast_head_json":{"title":"Catalogue d\u2019\u00e9chantillons Prodotti | Radici","description":"Explorez une s\u00e9lection de nos produits regroup\u00e9s dans des \u00e9chantillons et laissez-vous inspirer par les diff\u00e9rents styles pour votre ameublement. En savoir plus !","robots":{"index":"index","follow":"follow","max-snippet":"max-snippet:-1","max-image-preview":"max-image-preview:large","max-video-preview":"max-video-preview:-1"},"canonical":"https:\/\/www.radicicarpet.it\/fr\/catalogue-dechantillons\/","og_locale":"fr_FR","og_type":"article","og_title":"Catalogue d\u2019\u00e9chantillons Prodotti | Radici","og_description":"Explorez une s\u00e9lection de nos produits regroup\u00e9s dans des \u00e9chantillons et laissez-vous inspirer par les diff\u00e9rents styles pour votre ameublement. En savoir plus !","og_url":"https:\/\/www.radicicarpet.it\/fr\/catalogue-dechantillons\/","og_site_name":"Radici","article_modified_time":"2026-02-16T16:24:56+00:00","og_image":[{"width":1201,"height":628,"url":"https:\/\/www.radicicarpet.it\/app\/uploads\/2023\/10\/radici_website_preview.jpg","type":"image\/jpeg"}],"twitter_card":"summary_large_image","schema":{"@context":"https:\/\/schema.org","@graph":[{"@type":"WebPage","@id":"https:\/\/www.radicicarpet.it\/fr\/catalogue-dechantillons\/","url":"https:\/\/www.radicicarpet.it\/fr\/catalogue-dechantillons\/","name":"Catalogue d\u2019\u00e9chantillons Prodotti | Radici","isPartOf":{"@id":"https:\/\/www.radicicarpet.it\/fr\/#website"},"datePublished":"2023-09-19T12:33:50+00:00","dateModified":"2026-02-16T16:24:56+00:00","description":"Explorez une s\u00e9lection de nos produits regroup\u00e9s dans des \u00e9chantillons et laissez-vous inspirer par les diff\u00e9rents styles pour votre ameublement. En savoir plus !","breadcrumb":{"@id":"https:\/\/www.radicicarpet.it\/fr\/catalogue-dechantillons\/#breadcrumb"},"inLanguage":"fr-FR","potentialAction":[{"@type":"ReadAction","target":["https:\/\/www.radicicarpet.it\/fr\/catalogue-dechantillons\/"]}]},{"@type":"BreadcrumbList","@id":"https:\/\/www.radicicarpet.it\/fr\/catalogue-dechantillons\/#breadcrumb","itemListElement":[{"@type":"ListItem","position":1,"name":"Home","item":"https:\/\/www.radicicarpet.it\/fr\/"},{"@type":"ListItem","position":2,"name":"Catalogue d\u2019\u00e9chantillons"}]},{"@type":"WebSite","@id":"https:\/\/www.radicicarpet.it\/fr\/#website","url":"https:\/\/www.radicicarpet.it\/fr\/","name":"Radici Moquette","description":"","potentialAction":[{"@type":"SearchAction","target":{"@type":"EntryPoint","urlTemplate":"https:\/\/www.radicicarpet.it\/fr\/?s={search_term_string}"},"query-input":{"@type":"PropertyValueSpecification","valueRequired":true,"valueName":"search_term_string"}}],"inLanguage":"fr-FR"}]}},"_links":{"self":[{"href":"https:\/\/www.radicicarpet.it\/fr\/wp-json\/wp\/v2\/pages\/12087","targetHints":{"allow":["GET"]}}],"collection":[{"href":"https:\/\/www.radicicarpet.it\/fr\/wp-json\/wp\/v2\/pages"}],"about":[{"href":"https:\/\/www.radicicarpet.it\/fr\/wp-json\/wp\/v2\/types\/page"}],"author":[{"embeddable":true,"href":"https:\/\/www.radicicarpet.it\/fr\/wp-json\/wp\/v2\/users\/2"}],"replies":[{"embeddable":true,"href":"https:\/\/www.radicicarpet.it\/fr\/wp-json\/wp\/v2\/comments?post=12087"}],"version-history":[{"count":12,"href":"https:\/\/www.radicicarpet.it\/fr\/wp-json\/wp\/v2\/pages\/12087\/revisions"}],"predecessor-version":[{"id":22621,"href":"https:\/\/www.radicicarpet.it\/fr\/wp-json\/wp\/v2\/pages\/12087\/revisions\/22621"}],"wp:attachment":[{"href":"https:\/\/www.radicicarpet.it\/fr\/wp-json\/wp\/v2\/media?parent=12087"}],"curies":[{"name":"wp","href":"https:\/\/api.w.org\/{rel}","templated":true}]}}

Catalogue d’échantillons

<!-- This site is optimized with the Yoast SEO plugin v27.5 - https://yoast.com/product/yoast-seo-wordpress/ -->
<title>Catalogue d’échantillons Prodotti | Radici</title>
<meta name="description" content="Explorez une sélection de nos produits regroupés dans des échantillons et laissez-vous inspirer par les différents styles pour votre ameublement. En savoir plus !" />
<meta name="robots" content="index, follow, max-snippet:-1, max-image-preview:large, max-video-preview:-1" />
<link rel="canonical" href="https://www.radicicarpet.it/fr/catalogue-dechantillons/" />
<meta property="og:locale" content="fr_FR" />
<meta property="og:type" content="article" />
<meta property="og:title" content="Catalogue d’échantillons Prodotti | Radici" />
<meta property="og:description" content="Explorez une sélection de nos produits regroupés dans des échantillons et laissez-vous inspirer par les différents styles pour votre ameublement. En savoir plus !" />
<meta property="og:url" content="https://www.radicicarpet.it/fr/catalogue-dechantillons/" />
<meta property="og:site_name" content="Radici" />
<meta property="article:modified_time" content="2026-02-16T16:24:56+00:00" />
<meta property="og:image" content="https://www.radicicarpet.it/app/uploads/2023/10/radici_website_preview.jpg" />
	<meta property="og:image:width" content="1201" />
	<meta property="og:image:height" content="628" />
	<meta property="og:image:type" content="image/jpeg" />
<meta name="twitter:card" content="summary_large_image" />
<script type="application/ld+json" class="yoast-schema-graph">{"@context":"https:\/\/schema.org","@graph":[{"@type":"WebPage","@id":"https:\/\/www.radicicarpet.it\/fr\/catalogue-dechantillons\/","url":"https:\/\/www.radicicarpet.it\/fr\/catalogue-dechantillons\/","name":"Catalogue d’échantillons Prodotti | Radici","isPartOf":{"@id":"https:\/\/www.radicicarpet.it\/fr\/#website"},"datePublished":"2023-09-19T12:33:50+00:00","dateModified":"2026-02-16T16:24:56+00:00","description":"Explorez une sélection de nos produits regroupés dans des échantillons et laissez-vous inspirer par les différents styles pour votre ameublement. En savoir plus !","breadcrumb":{"@id":"https:\/\/www.radicicarpet.it\/fr\/catalogue-dechantillons\/#breadcrumb"},"inLanguage":"fr-FR","potentialAction":[{"@type":"ReadAction","target":["https:\/\/www.radicicarpet.it\/fr\/catalogue-dechantillons\/"]}]},{"@type":"BreadcrumbList","@id":"https:\/\/www.radicicarpet.it\/fr\/catalogue-dechantillons\/#breadcrumb","itemListElement":[{"@type":"ListItem","position":1,"name":"Home","item":"https:\/\/www.radicicarpet.it\/fr\/"},{"@type":"ListItem","position":2,"name":"Catalogue d’échantillons"}]},{"@type":"WebSite","@id":"https:\/\/www.radicicarpet.it\/fr\/#website","url":"https:\/\/www.radicicarpet.it\/fr\/","name":"Radici Moquette","description":"","potentialAction":[{"@type":"SearchAction","target":{"@type":"EntryPoint","urlTemplate":"https:\/\/www.radicicarpet.it\/fr\/?s={search_term_string}"},"query-input":{"@type":"PropertyValueSpecification","valueRequired":true,"valueName":"search_term_string"}}],"inLanguage":"fr-FR"}]}</script>
<!-- / Yoast SEO plugin. -->

Catalogue d’échantillons Prodotti | Radici

Explorez une sélection de nos produits regroupés dans des échantillons et laissez-vous inspirer par les différents styles pour votre ameublement. En savoir plus !
